{"id":1651,"date":"2020-03-29T15:49:19","date_gmt":"2020-03-29T13:49:19","guid":{"rendered":"https:\/\/talenti.hr\/?post_type=product&#038;p=1651"},"modified":"2020-05-13T14:17:00","modified_gmt":"2020-05-13T12:17:00","slug":"frizbi-aerobie-sprint-ring","status":"publish","type":"product","link":"https:\/\/talenti.hr\/?product=frizbi-aerobie-sprint-ring","title":{"rendered":"Frizbi Aerobie Sprint Ring"},"content":{"rendered":"<p>Frizbi Aerobie Sprint Ring je manja ina\u010dica frizbija koji je oborio svjetski rekord u bacanju u dalj. Tako\u0111er i on se mo\u017ee pohvaliti tehnologijom koja se koristi kod zrakoplova. Probajte i vidite \u0161to zna\u010di stabilan i precizan let.<\/p>\n","protected":false},"excerpt":{"rendered":"<ul>\n<li>Promjer: 24 cm<\/li>\n<li>Boje: crvena,\u017euta,naran\u010dasta,ljubi\u010dasta<\/li>\n<li>Rok isporuke: 5-7 dana<\/li>\n<li>Proizvo\u0111a\u010d: &#8230;<br \/>\n","protected":false},"featured_media":1653,"comment_status":"open","ping_status":"closed","template":"","meta":[],"product_brand":[],"product_cat":[169,168],"product_tag":[316,321,326,327],"class_list":{"0":"post-1651","1":"product","2":"type-product","3":"status-publish","4":"has-post-thumbnail","6":"product_cat-frizbi-aerobie-sve-sto-leti","7":"product_cat-sport","8":"product_tag-aerobie","9":"product_tag-frizbi","10":"product_tag-ring","11":"product_tag-sprint","13":"first","14":"instock","15":"taxable","16":"shipping-taxable","17":"purchasable","18":"product-type-simple"},"_links":{"self":[{"href":"https:\/\/talenti.hr\/index.php?rest_route=\/wp\/v2\/product\/1651","targetHints":{"allow":["GET"]}}],"collection":[{"href":"https:\/\/talenti.hr\/index.php?rest_route=\/wp\/v2\/product"}],"about":[{"href":"https:\/\/talenti.hr\/index.php?rest_route=\/wp\/v2\/types\/product"}],"replies":[{"embeddable":true,"href":"https:\/\/talenti.hr\/index.php?rest_route=%2Fwp%2Fv2%2Fcomments&post=1651"}],"wp:featuredmedia":[{"embeddable":true,"href":"https:\/\/talenti.hr\/index.php?rest_route=\/wp\/v2\/media\/1653"}],"wp:attachment":[{"href":"https:\/\/talenti.hr\/index.php?rest_route=%2Fwp%2Fv2%2Fmedia&parent=1651"}],"wp:term":[{"taxonomy":"product_brand","embeddable":true,"href":"https:\/\/talenti.hr\/index.php?rest_route=%2Fwp%2Fv2%2Fproduct_brand&post=1651"},{"taxonomy":"product_cat","embeddable":true,"href":"https:\/\/talenti.hr\/index.php?rest_route=%2Fwp%2Fv2%2Fproduct_cat&post=1651"},{"taxonomy":"product_tag","embeddable":true,"href":"https:\/\/talenti.hr\/index.php?rest_route=%2Fwp%2Fv2%2Fproduct_tag&post=1651"}],"curies":[{"name":"wp","href":"https:\/\/api.w.org\/{rel}","templated":true}]}}