{"id":1735,"date":"2020-03-29T16:57:05","date_gmt":"2020-03-29T14:57:05","guid":{"rendered":"https:\/\/talenti.hr\/?post_type=product&#038;p=1735"},"modified":"2020-05-03T19:06:43","modified_gmt":"2020-05-03T17:06:43","slug":"boje-za-lice-i-tijelo-aqua-tuba-15ml","status":"publish","type":"product","link":"https:\/\/talenti.hr\/?product=boje-za-lice-i-tijelo-aqua-tuba-15ml","title":{"rendered":"Boje Fantasy Make Up Aqua Express u tubi 15ml"},"content":{"rendered":"<p>Boje Fantasy Make Up Aqua Express u tubi\u00a0 su primjerene ako moramo boju nanositi na ve\u0107e povr\u0161ine lica ili tijela,jednostavno je nanesemo na spu\u017evicu i razma\u017eemo po \u017eeljenoj povr\u0161ini.Odstranimo je jednostavno vodom i sapunom.<\/p>\n<p>Upozorenje;paziti da ne do\u0111u u kontakt sa sluznicom ( o\u010di.nos,usta ), a u slu\u010daju kontakta dobro isprati vodom.<\/p>\n<p>&nbsp;<\/p>\n","protected":false},"excerpt":{"rendered":"<ul>\n<li>Veli\u010dina: 15 ml<\/li>\n<li>Boje:crna,bijela,crvena,naran\u010dasta,\u017euta,plava,zelena,sme\u0111a,roza,ljubi\u010dasta<\/li>\n<li>Rok isporuke: 5-7 dana<\/li>\n<li>Proizvo\u0111a\u010d: Fantasy<\/li>\n<p> &#8230; <\/p>\n","protected":false},"featured_media":3541,"comment_status":"open","ping_status":"closed","template":"","meta":[],"product_brand":[],"product_cat":[184,180],"product_tag":[368,472,484,485,486,480],"class_list":{"0":"post-1735","1":"product","2":"type-product","3":"status-publish","4":"has-post-thumbnail","6":"product_cat-boje-za-oslikavanje-lica-tijela-i-kose","7":"product_cat-razno","8":"product_tag-aqua","9":"product_tag-boje","10":"product_tag-express","11":"product_tag-fantasy","12":"product_tag-make-up","13":"product_tag-tuba","15":"first","16":"instock","17":"taxable","18":"shipping-taxable","19":"purchasable","20":"product-type-simple"},"_links":{"self":[{"href":"https:\/\/talenti.hr\/index.php?rest_route=\/wp\/v2\/product\/1735","targetHints":{"allow":["GET"]}}],"collection":[{"href":"https:\/\/talenti.hr\/index.php?rest_route=\/wp\/v2\/product"}],"about":[{"href":"https:\/\/talenti.hr\/index.php?rest_route=\/wp\/v2\/types\/product"}],"replies":[{"embeddable":true,"href":"https:\/\/talenti.hr\/index.php?rest_route=%2Fwp%2Fv2%2Fcomments&post=1735"}],"wp:featuredmedia":[{"embeddable":true,"href":"https:\/\/talenti.hr\/index.php?rest_route=\/wp\/v2\/media\/3541"}],"wp:attachment":[{"href":"https:\/\/talenti.hr\/index.php?rest_route=%2Fwp%2Fv2%2Fmedia&parent=1735"}],"wp:term":[{"taxonomy":"product_brand","embeddable":true,"href":"https:\/\/talenti.hr\/index.php?rest_route=%2Fwp%2Fv2%2Fproduct_brand&post=1735"},{"taxonomy":"product_cat","embeddable":true,"href":"https:\/\/talenti.hr\/index.php?rest_route=%2Fwp%2Fv2%2Fproduct_cat&post=1735"},{"taxonomy":"product_tag","embeddable":true,"href":"https:\/\/talenti.hr\/index.php?rest_route=%2Fwp%2Fv2%2Fproduct_tag&post=1735"}],"curies":[{"name":"wp","href":"https:\/\/api.w.org\/{rel}","templated":true}]}}