{"id":1782,"date":"2020-03-29T17:42:35","date_gmt":"2020-03-29T15:42:35","guid":{"rendered":"https:\/\/talenti.hr\/?post_type=product&#038;p=1782"},"modified":"2020-05-13T14:25:24","modified_gmt":"2020-05-13T12:25:24","slug":"bumerang-aerobie-orbiter","status":"publish","type":"product","link":"https:\/\/talenti.hr\/?product=bumerang-aerobie-orbiter","title":{"rendered":"Bumerang Aerobie Orbiter"},"content":{"rendered":"<p>Bumerang Aerobie Orbiter je potpuno druga\u010diji od klasi\u010dnih bumeranga V oblika.Kod njega je najva\u017enije da se zbilja vra\u0107a kad ga bacite \u00a0 \u00a0 \u00a0\u00a0 ( leti u velikom krugu ).Lak\u0161i je i mek\u0161i od klasi\u010dnih drvenih bumeranga,sigurniji i lagan je za hvatanje.<\/p>\n<p>Preporu\u010duje se upotreba od 13 godina navi\u0161e !!<\/p>\n<p>&nbsp;<\/p>\n","protected":false},"excerpt":{"rendered":"<ul>\n<li>Du\u017eina stranice: 28 cm<\/li>\n<li>Boje: crvena,\u017euta,ljubi\u010dasta<\/li>\n<li>Rok isporuke: 5-7 dana<\/li>\n<p> &#8230; <\/p>\n","protected":false},"featured_media":1784,"comment_status":"open","ping_status":"closed","template":"","meta":[],"product_brand":[],"product_cat":[187,169,168],"product_tag":[316,320,319],"class_list":{"0":"post-1782","1":"product","2":"type-product","3":"status-publish","4":"has-post-thumbnail","6":"product_cat-bumerang","7":"product_cat-frizbi-aerobie-sve-sto-leti","8":"product_cat-sport","9":"product_tag-aerobie","10":"product_tag-bumerang","11":"product_tag-orbiter","13":"first","14":"instock","15":"taxable","16":"shipping-taxable","17":"purchasable","18":"product-type-simple"},"_links":{"self":[{"href":"https:\/\/talenti.hr\/index.php?rest_route=\/wp\/v2\/product\/1782","targetHints":{"allow":["GET"]}}],"collection":[{"href":"https:\/\/talenti.hr\/index.php?rest_route=\/wp\/v2\/product"}],"about":[{"href":"https:\/\/talenti.hr\/index.php?rest_route=\/wp\/v2\/types\/product"}],"replies":[{"embeddable":true,"href":"https:\/\/talenti.hr\/index.php?rest_route=%2Fwp%2Fv2%2Fcomments&post=1782"}],"wp:featuredmedia":[{"embeddable":true,"href":"https:\/\/talenti.hr\/index.php?rest_route=\/wp\/v2\/media\/1784"}],"wp:attachment":[{"href":"https:\/\/talenti.hr\/index.php?rest_route=%2Fwp%2Fv2%2Fmedia&parent=1782"}],"wp:term":[{"taxonomy":"product_brand","embeddable":true,"href":"https:\/\/talenti.hr\/index.php?rest_route=%2Fwp%2Fv2%2Fproduct_brand&post=1782"},{"taxonomy":"product_cat","embeddable":true,"href":"https:\/\/talenti.hr\/index.php?rest_route=%2Fwp%2Fv2%2Fproduct_cat&post=1782"},{"taxonomy":"product_tag","embeddable":true,"href":"https:\/\/talenti.hr\/index.php?rest_route=%2Fwp%2Fv2%2Fproduct_tag&post=1782"}],"curies":[{"name":"wp","href":"https:\/\/api.w.org\/{rel}","templated":true}]}}