{"id":1814,"date":"2020-03-29T17:59:26","date_gmt":"2020-03-29T15:59:26","guid":{"rendered":"https:\/\/talenti.hr\/?post_type=product&#038;p=1814"},"modified":"2020-04-26T14:08:46","modified_gmt":"2020-04-26T12:08:46","slug":"bumerang-squal","status":"publish","type":"product","link":"https:\/\/talenti.hr\/?product=bumerang-squal","title":{"rendered":"Bumerang Squal"},"content":{"rendered":"<p>Bumerang Squal namijenjen je po\u010detnicima toga sporta.Zbog oblika lako se baca i hvata.Mo\u017ee preletiti razdaljinu od 25 m s povratkom koji nalikuje spu\u0161tanju helokoptera.Napravljen je od finske breze.<\/p>\n<p>Od 12 godina dalje!<\/p>\n","protected":false},"excerpt":{"rendered":"<ul>\n<li>Doseg: 25 m<\/li>\n<li>Te\u017eina: 40 g<\/li>\n<li>Raspon: 29 cm<\/li>\n<li>Model: &#8230;<br \/>\n","protected":false},"featured_media":1816,"comment_status":"open","ping_status":"closed","template":"","meta":[],"product_brand":[],"product_cat":[187,168],"product_tag":[320,349],"class_list":{"0":"post-1814","1":"product","2":"type-product","3":"status-publish","4":"has-post-thumbnail","6":"product_cat-bumerang","7":"product_cat-sport","8":"product_tag-bumerang","9":"product_tag-squal","11":"first","12":"instock","13":"taxable","14":"shipping-taxable","15":"purchasable","16":"product-type-simple"},"_links":{"self":[{"href":"https:\/\/talenti.hr\/index.php?rest_route=\/wp\/v2\/product\/1814","targetHints":{"allow":["GET"]}}],"collection":[{"href":"https:\/\/talenti.hr\/index.php?rest_route=\/wp\/v2\/product"}],"about":[{"href":"https:\/\/talenti.hr\/index.php?rest_route=\/wp\/v2\/types\/product"}],"replies":[{"embeddable":true,"href":"https:\/\/talenti.hr\/index.php?rest_route=%2Fwp%2Fv2%2Fcomments&post=1814"}],"wp:featuredmedia":[{"embeddable":true,"href":"https:\/\/talenti.hr\/index.php?rest_route=\/wp\/v2\/media\/1816"}],"wp:attachment":[{"href":"https:\/\/talenti.hr\/index.php?rest_route=%2Fwp%2Fv2%2Fmedia&parent=1814"}],"wp:term":[{"taxonomy":"product_brand","embeddable":true,"href":"https:\/\/talenti.hr\/index.php?rest_route=%2Fwp%2Fv2%2Fproduct_brand&post=1814"},{"taxonomy":"product_cat","embeddable":true,"href":"https:\/\/talenti.hr\/index.php?rest_route=%2Fwp%2Fv2%2Fproduct_cat&post=1814"},{"taxonomy":"product_tag","embeddable":true,"href":"https:\/\/talenti.hr\/index.php?rest_route=%2Fwp%2Fv2%2Fproduct_tag&post=1814"}],"curies":[{"name":"wp","href":"https:\/\/api.w.org\/{rel}","templated":true}]}}