{"id":1849,"date":"2020-03-29T18:25:06","date_gmt":"2020-03-29T16:25:06","guid":{"rendered":"https:\/\/talenti.hr\/?post_type=product&#038;p=1849"},"modified":"2020-05-12T11:32:24","modified_gmt":"2020-05-12T09:32:24","slug":"cunjevi-d-club","status":"publish","type":"product","link":"https:\/\/talenti.hr\/?product=cunjevi-d-club","title":{"rendered":"\u010cunjevi D Club"},"content":{"rendered":"<p><em><span style=\"color: #333333;\">\u010cunjevi D Club za \u017eongliranje su hit me\u0111u \u017eonglerima,jer se lako personaliziraju mijenjanjem boja ili vlastitim uzorkom nakon skidanja silikonskih nastavaka.<\/span><\/em><\/p>\n<p>&nbsp;<\/p>\n","protected":false},"excerpt":{"rendered":"<ul>\n<li>Cijena za 1 komad!!<\/li>\n<li>Te\u017eina: 208 g<\/li>\n<li>Du\u017eina: 52,5 cm<\/li>\n<p> &#8230; <\/p>\n","protected":false},"featured_media":1851,"comment_status":"open","ping_status":"closed","template":"","meta":[],"product_brand":[],"product_cat":[152,149],"product_tag":[230,227,281],"class_list":{"0":"post-1849","1":"product","2":"type-product","3":"status-publish","4":"has-post-thumbnail","6":"product_cat-cunjevi","7":"product_cat-zongliranje","8":"product_tag-club","9":"product_tag-cunjevi","10":"product_tag-play","12":"first","13":"instock","14":"taxable","15":"shipping-taxable","16":"purchasable","17":"product-type-simple"},"_links":{"self":[{"href":"https:\/\/talenti.hr\/index.php?rest_route=\/wp\/v2\/product\/1849","targetHints":{"allow":["GET"]}}],"collection":[{"href":"https:\/\/talenti.hr\/index.php?rest_route=\/wp\/v2\/product"}],"about":[{"href":"https:\/\/talenti.hr\/index.php?rest_route=\/wp\/v2\/types\/product"}],"replies":[{"embeddable":true,"href":"https:\/\/talenti.hr\/index.php?rest_route=%2Fwp%2Fv2%2Fcomments&post=1849"}],"wp:featuredmedia":[{"embeddable":true,"href":"https:\/\/talenti.hr\/index.php?rest_route=\/wp\/v2\/media\/1851"}],"wp:attachment":[{"href":"https:\/\/talenti.hr\/index.php?rest_route=%2Fwp%2Fv2%2Fmedia&parent=1849"}],"wp:term":[{"taxonomy":"product_brand","embeddable":true,"href":"https:\/\/talenti.hr\/index.php?rest_route=%2Fwp%2Fv2%2Fproduct_brand&post=1849"},{"taxonomy":"product_cat","embeddable":true,"href":"https:\/\/talenti.hr\/index.php?rest_route=%2Fwp%2Fv2%2Fproduct_cat&post=1849"},{"taxonomy":"product_tag","embeddable":true,"href":"https:\/\/talenti.hr\/index.php?rest_route=%2Fwp%2Fv2%2Fproduct_tag&post=1849"}],"curies":[{"name":"wp","href":"https:\/\/api.w.org\/{rel}","templated":true}]}}