{"id":1900,"date":"2020-03-29T19:04:02","date_gmt":"2020-03-29T17:04:02","guid":{"rendered":"https:\/\/talenti.hr\/?post_type=product&#038;p=1900"},"modified":"2020-04-23T11:41:51","modified_gmt":"2020-04-23T09:41:51","slug":"devilstick-holograf","status":"publish","type":"product","link":"https:\/\/talenti.hr\/?product=devilstick-holograf","title":{"rendered":"Devilstick Holograf"},"content":{"rendered":"<p>Devilstick Holograf izuzetno je atraktivan devilstick.Dio povr\u0161ine pokriven je s holografskom prevlakom koja kod vrtnje daje poseban u\u010dinak.Krajevi su oblo\u017eeni silikonskom prevlakom koja \u0161titi od udaraca i daje dobar hvat.<\/p>\n<p>&nbsp;<\/p>\n","protected":false},"excerpt":{"rendered":"<ul>\n<li>Cijena je bez palica!!<\/li>\n<li>Te\u017eina: 200 g<\/li>\n<li>Du\u017eina: 67,5 cm<\/li>\n<p> &#8230; <\/p>\n","protected":false},"featured_media":1902,"comment_status":"open","ping_status":"closed","template":"","meta":[],"product_brand":[],"product_cat":[153,149],"product_tag":[272,278],"class_list":{"0":"post-1900","1":"product","2":"type-product","3":"status-publish","4":"has-post-thumbnail","6":"product_cat-devilsticks-i-flowersticks","7":"product_cat-zongliranje","8":"product_tag-devilstick","9":"product_tag-holograf","11":"first","12":"instock","13":"taxable","14":"shipping-taxable","15":"purchasable","16":"product-type-simple"},"_links":{"self":[{"href":"https:\/\/talenti.hr\/index.php?rest_route=\/wp\/v2\/product\/1900","targetHints":{"allow":["GET"]}}],"collection":[{"href":"https:\/\/talenti.hr\/index.php?rest_route=\/wp\/v2\/product"}],"about":[{"href":"https:\/\/talenti.hr\/index.php?rest_route=\/wp\/v2\/types\/product"}],"replies":[{"embeddable":true,"href":"https:\/\/talenti.hr\/index.php?rest_route=%2Fwp%2Fv2%2Fcomments&post=1900"}],"wp:featuredmedia":[{"embeddable":true,"href":"https:\/\/talenti.hr\/index.php?rest_route=\/wp\/v2\/media\/1902"}],"wp:attachment":[{"href":"https:\/\/talenti.hr\/index.php?rest_route=%2Fwp%2Fv2%2Fmedia&parent=1900"}],"wp:term":[{"taxonomy":"product_brand","embeddable":true,"href":"https:\/\/talenti.hr\/index.php?rest_route=%2Fwp%2Fv2%2Fproduct_brand&post=1900"},{"taxonomy":"product_cat","embeddable":true,"href":"https:\/\/talenti.hr\/index.php?rest_route=%2Fwp%2Fv2%2Fproduct_cat&post=1900"},{"taxonomy":"product_tag","embeddable":true,"href":"https:\/\/talenti.hr\/index.php?rest_route=%2Fwp%2Fv2%2Fproduct_tag&post=1900"}],"curies":[{"name":"wp","href":"https:\/\/api.w.org\/{rel}","templated":true}]}}