{"id":1912,"date":"2020-03-29T19:12:59","date_gmt":"2020-03-29T17:12:59","guid":{"rendered":"https:\/\/talenti.hr\/?post_type=product&#038;p=1912"},"modified":"2020-04-23T11:33:31","modified_gmt":"2020-04-23T09:33:31","slug":"devilstick-plasticne-palice","status":"publish","type":"product","link":"https:\/\/talenti.hr\/?product=devilstick-plasticne-palice","title":{"rendered":"Devilstick palice plasti\u010dne"},"content":{"rendered":"<p>Devilstick plasti\u010dne palice primjerene su za svaki devil ili flowerstick.<br \/>\nSilikonska obloga od 2 mm je nekli\u017eu\u0107a i omogu\u0107uje izvedbu raznih trikova.<\/p>\n","protected":false},"excerpt":{"rendered":"<ul>\n<li>Te\u017eina po komadu: 68 g<\/li>\n<li>Du\u017eina: 45 cm<\/li>\n<li>Promjer: 14 &#8230;<br \/>\n","protected":false},"featured_media":3127,"comment_status":"open","ping_status":"closed","template":"","meta":[],"product_brand":[],"product_cat":[153,149],"product_tag":[272,220,277],"class_list":{"0":"post-1912","1":"product","2":"type-product","3":"status-publish","4":"has-post-thumbnail","6":"product_cat-devilsticks-i-flowersticks","7":"product_cat-zongliranje","8":"product_tag-devilstick","9":"product_tag-palice","10":"product_tag-plastika","12":"first","13":"instock","14":"taxable","15":"shipping-taxable","16":"purchasable","17":"product-type-simple"},"_links":{"self":[{"href":"https:\/\/talenti.hr\/index.php?rest_route=\/wp\/v2\/product\/1912","targetHints":{"allow":["GET"]}}],"collection":[{"href":"https:\/\/talenti.hr\/index.php?rest_route=\/wp\/v2\/product"}],"about":[{"href":"https:\/\/talenti.hr\/index.php?rest_route=\/wp\/v2\/types\/product"}],"replies":[{"embeddable":true,"href":"https:\/\/talenti.hr\/index.php?rest_route=%2Fwp%2Fv2%2Fcomments&post=1912"}],"wp:featuredmedia":[{"embeddable":true,"href":"https:\/\/talenti.hr\/index.php?rest_route=\/wp\/v2\/media\/3127"}],"wp:attachment":[{"href":"https:\/\/talenti.hr\/index.php?rest_route=%2Fwp%2Fv2%2Fmedia&parent=1912"}],"wp:term":[{"taxonomy":"product_brand","embeddable":true,"href":"https:\/\/talenti.hr\/index.php?rest_route=%2Fwp%2Fv2%2Fproduct_brand&post=1912"},{"taxonomy":"product_cat","embeddable":true,"href":"https:\/\/talenti.hr\/index.php?rest_route=%2Fwp%2Fv2%2Fproduct_cat&post=1912"},{"taxonomy":"product_tag","embeddable":true,"href":"https:\/\/talenti.hr\/index.php?rest_route=%2Fwp%2Fv2%2Fproduct_tag&post=1912"}],"curies":[{"name":"wp","href":"https:\/\/api.w.org\/{rel}","templated":true}]}}