{"id":1915,"date":"2020-03-29T19:15:23","date_gmt":"2020-03-29T17:15:23","guid":{"rendered":"https:\/\/talenti.hr\/?post_type=product&#038;p=1915"},"modified":"2020-04-23T11:54:04","modified_gmt":"2020-04-23T09:54:04","slug":"flowerstick-neo-set","status":"publish","type":"product","link":"https:\/\/talenti.hr\/?product=flowerstick-neo-set","title":{"rendered":"Flowerstick Neo-set sa UV palicama"},"content":{"rendered":"<p>Flowerstick Neo izuzetno je atraktivan flowerstick koji svijetli pod UV svijetlom.Namijenjen je po\u010detnicima,iako ga zbog odli\u010dno raspore\u0111ene te\u017eine koriste i znalci za izvo\u0111enje zahtijevnijih trikova.<\/p>\n","protected":false},"excerpt":{"rendered":"<ul>\n<li>Te\u017eina: 190 g<\/li>\n<li>Du\u017eina: 41,5 cm ( 65 cm sa &#8230;<br \/>\n","protected":false},"featured_media":1917,"comment_status":"open","ping_status":"closed","template":"","meta":[],"product_brand":[],"product_cat":[153,149],"product_tag":[279,280,276],"class_list":{"0":"post-1915","1":"product","2":"type-product","3":"status-publish","4":"has-post-thumbnail","6":"product_cat-devilsticks-i-flowersticks","7":"product_cat-zongliranje","8":"product_tag-flowerstick","9":"product_tag-neo","10":"product_tag-set","12":"first","13":"instock","14":"taxable","15":"shipping-taxable","16":"purchasable","17":"product-type-simple"},"_links":{"self":[{"href":"https:\/\/talenti.hr\/index.php?rest_route=\/wp\/v2\/product\/1915","targetHints":{"allow":["GET"]}}],"collection":[{"href":"https:\/\/talenti.hr\/index.php?rest_route=\/wp\/v2\/product"}],"about":[{"href":"https:\/\/talenti.hr\/index.php?rest_route=\/wp\/v2\/types\/product"}],"replies":[{"embeddable":true,"href":"https:\/\/talenti.hr\/index.php?rest_route=%2Fwp%2Fv2%2Fcomments&post=1915"}],"wp:featuredmedia":[{"embeddable":true,"href":"https:\/\/talenti.hr\/index.php?rest_route=\/wp\/v2\/media\/1917"}],"wp:attachment":[{"href":"https:\/\/talenti.hr\/index.php?rest_route=%2Fwp%2Fv2%2Fmedia&parent=1915"}],"wp:term":[{"taxonomy":"product_brand","embeddable":true,"href":"https:\/\/talenti.hr\/index.php?rest_route=%2Fwp%2Fv2%2Fproduct_brand&post=1915"},{"taxonomy":"product_cat","embeddable":true,"href":"https:\/\/talenti.hr\/index.php?rest_route=%2Fwp%2Fv2%2Fproduct_cat&post=1915"},{"taxonomy":"product_tag","embeddable":true,"href":"https:\/\/talenti.hr\/index.php?rest_route=%2Fwp%2Fv2%2Fproduct_tag&post=1915"}],"curies":[{"name":"wp","href":"https:\/\/api.w.org\/{rel}","templated":true}]}}