{"id":1921,"date":"2020-03-29T19:19:29","date_gmt":"2020-03-29T17:19:29","guid":{"rendered":"https:\/\/talenti.hr\/?post_type=product&#038;p=1921"},"modified":"2020-04-23T11:36:59","modified_gmt":"2020-04-23T09:36:59","slug":"flowerstick-picasso-set","status":"publish","type":"product","link":"https:\/\/talenti.hr\/?product=flowerstick-picasso-set","title":{"rendered":"Flowerstick Picasso-set sa palicama"},"content":{"rendered":"<p>Flowerstick Picasso zanimljiva je novost na tr\u017ei\u0161tu devilstickova. Vrlo je atraktivan i pa\u017eljivo izra\u0111en flowerstick. Upotrebljeni\u00a0 su izuzetno kvalitetni materijali i dizajn je vrlo lijep. Primjeren je za po\u010detnike, jer je njegova povr\u0161ina jako neklizaju\u0107a. S njim se puno lak\u0161e izvode trikovi koje puno te\u017ee izvodimo s klasi\u010dnim flowerstickom.<\/p>\n","protected":false},"excerpt":{"rendered":"<ul>\n<li>Te\u017eina: 105 g<\/li>\n<li>Du\u017eina: 56 cm<\/li>\n<li>Boja: crvena,\u017euta,plava,ljubi\u010dasta<\/li>\n<li>Proizvo\u0111a\u010d: Juggle &#8230;<br \/>\n","protected":false},"featured_media":3124,"comment_status":"open","ping_status":"closed","template":"","meta":[],"product_brand":[],"product_cat":[153,149],"product_tag":[272,275,276],"class_list":{"0":"post-1921","1":"product","2":"type-product","3":"status-publish","4":"has-post-thumbnail","6":"product_cat-devilsticks-i-flowersticks","7":"product_cat-zongliranje","8":"product_tag-devilstick","9":"product_tag-picasso","10":"product_tag-set","12":"first","13":"instock","14":"taxable","15":"shipping-taxable","16":"purchasable","17":"product-type-simple"},"_links":{"self":[{"href":"https:\/\/talenti.hr\/index.php?rest_route=\/wp\/v2\/product\/1921","targetHints":{"allow":["GET"]}}],"collection":[{"href":"https:\/\/talenti.hr\/index.php?rest_route=\/wp\/v2\/product"}],"about":[{"href":"https:\/\/talenti.hr\/index.php?rest_route=\/wp\/v2\/types\/product"}],"replies":[{"embeddable":true,"href":"https:\/\/talenti.hr\/index.php?rest_route=%2Fwp%2Fv2%2Fcomments&post=1921"}],"wp:featuredmedia":[{"embeddable":true,"href":"https:\/\/talenti.hr\/index.php?rest_route=\/wp\/v2\/media\/3124"}],"wp:attachment":[{"href":"https:\/\/talenti.hr\/index.php?rest_route=%2Fwp%2Fv2%2Fmedia&parent=1921"}],"wp:term":[{"taxonomy":"product_brand","embeddable":true,"href":"https:\/\/talenti.hr\/index.php?rest_route=%2Fwp%2Fv2%2Fproduct_brand&post=1921"},{"taxonomy":"product_cat","embeddable":true,"href":"https:\/\/talenti.hr\/index.php?rest_route=%2Fwp%2Fv2%2Fproduct_cat&post=1921"},{"taxonomy":"product_tag","embeddable":true,"href":"https:\/\/talenti.hr\/index.php?rest_route=%2Fwp%2Fv2%2Fproduct_tag&post=1921"}],"curies":[{"name":"wp","href":"https:\/\/api.w.org\/{rel}","templated":true}]}}