{"id":1967,"date":"2020-03-29T19:53:41","date_gmt":"2020-03-29T17:53:41","guid":{"rendered":"https:\/\/talenti.hr\/?post_type=product&#038;p=1967"},"modified":"2020-04-22T14:20:10","modified_gmt":"2020-04-22T12:20:10","slug":"diabolo-jester-s-lezajevima","status":"publish","type":"product","link":"https:\/\/talenti.hr\/?product=diabolo-jester-s-lezajevima","title":{"rendered":"Diabolo Jester s le\u017eajevima"},"content":{"rendered":"<p>Diabolo Jester s le\u017eajevima ubraja se u srednje velike diabole,lijepog \u017eivahnog dizajna,a le\u017eaj mu omogu\u0107uje dulju vrtnju.<\/p>\n<p>Cijena je bez palica!!<\/p>\n","protected":false},"excerpt":{"rendered":"<ul>\n<li>Te\u017eina: 228 g<\/li>\n<li>Promjer: 118 mm<\/li>\n<li>Veli\u010dina: 141 mm<\/li>\n<li>Boja: &#8230;<br \/>\n","protected":false},"featured_media":1969,"comment_status":"open","ping_status":"closed","template":"","meta":[],"product_brand":[],"product_cat":[151,149],"product_tag":[210,216,214],"class_list":{"0":"post-1967","1":"product","2":"type-product","3":"status-publish","4":"has-post-thumbnail","6":"product_cat-diabolo-i-palice","7":"product_cat-zongliranje","8":"product_tag-diabolo","9":"product_tag-jester","10":"product_tag-lezajevi","12":"first","13":"instock","14":"taxable","15":"shipping-taxable","16":"purchasable","17":"product-type-simple"},"_links":{"self":[{"href":"https:\/\/talenti.hr\/index.php?rest_route=\/wp\/v2\/product\/1967","targetHints":{"allow":["GET"]}}],"collection":[{"href":"https:\/\/talenti.hr\/index.php?rest_route=\/wp\/v2\/product"}],"about":[{"href":"https:\/\/talenti.hr\/index.php?rest_route=\/wp\/v2\/types\/product"}],"replies":[{"embeddable":true,"href":"https:\/\/talenti.hr\/index.php?rest_route=%2Fwp%2Fv2%2Fcomments&post=1967"}],"wp:featuredmedia":[{"embeddable":true,"href":"https:\/\/talenti.hr\/index.php?rest_route=\/wp\/v2\/media\/1969"}],"wp:attachment":[{"href":"https:\/\/talenti.hr\/index.php?rest_route=%2Fwp%2Fv2%2Fmedia&parent=1967"}],"wp:term":[{"taxonomy":"product_brand","embeddable":true,"href":"https:\/\/talenti.hr\/index.php?rest_route=%2Fwp%2Fv2%2Fproduct_brand&post=1967"},{"taxonomy":"product_cat","embeddable":true,"href":"https:\/\/talenti.hr\/index.php?rest_route=%2Fwp%2Fv2%2Fproduct_cat&post=1967"},{"taxonomy":"product_tag","embeddable":true,"href":"https:\/\/talenti.hr\/index.php?rest_route=%2Fwp%2Fv2%2Fproduct_tag&post=1967"}],"curies":[{"name":"wp","href":"https:\/\/api.w.org\/{rel}","templated":true}]}}