{"id":2035,"date":"2020-03-29T21:07:27","date_gmt":"2020-03-29T19:07:27","guid":{"rendered":"https:\/\/talenti.hr\/?post_type=product&#038;p=2035"},"modified":"2020-05-11T13:43:23","modified_gmt":"2020-05-11T11:43:23","slug":"drvena-slagalica-morske-zivotinje","status":"publish","type":"product","link":"https:\/\/talenti.hr\/?product=drvena-slagalica-morske-zivotinje","title":{"rendered":"Drvena slagalica-morske \u017eivotinje"},"content":{"rendered":"<p>\u010cvrsta drvena slagalica ima 7 drvenih figurica sa likovima morskih \u017eivotinja i mnogo elemenata igre,ali i pou\u010dnih vrijednosti.Svaka drvena \u017eivotinjica je deblja i vi\u0161a od osnovne plo\u010de pa ih djeca lako uhvate i mi\u010du,a mogu i samostalno stajati i bez plo\u010de na ravnoj podlozi pa omogu\u0107uju igru i bez plo\u010de.Mogu poslu\u017eiti i kao predlo\u017eak za crtanje.Pod svakim komadom slagalice je polje jednake boje kao i odgovaraju\u0107a \u017eivotinjica pa dijete lak\u0161e na\u0111e pravo mjesto.Primjereno za djecu od 18 mjeseci navi\u0161e.<\/p>\n<p>Upozorenje:Artikal nije za djecu do 3 godine starosti.Maleni dijelovi su opasni,jer ih mogu udahnuti ili progutati.Prije upotrebe odstranite ambala\u017eu,a ove informacije spremite za kasniju upotrebu.<\/p>\n","protected":false},"excerpt":{"rendered":"<div class=\"woocommerce-product-details__short-description\">\n<ul>\n<li>Veli\u010dina slagalice: 30 x 21 x 2,1 cm<\/li>\n<p> &#8230; <\/p>\n","protected":false},"featured_media":3847,"comment_status":"open","ping_status":"closed","template":"","meta":[],"product_brand":[],"product_cat":[161,160],"product_tag":[601,462,603,592,575],"class_list":{"0":"post-2035","1":"product","2":"type-product","3":"status-publish","4":"has-post-thumbnail","6":"product_cat-didakticne-poucne-igracke","7":"product_cat-igracke","8":"product_tag-drvena","9":"product_tag-janod","10":"product_tag-morske","11":"product_tag-slagalica","12":"product_tag-zivotinje","14":"first","15":"instock","16":"taxable","17":"shipping-taxable","18":"purchasable","19":"product-type-simple"},"_links":{"self":[{"href":"https:\/\/talenti.hr\/index.php?rest_route=\/wp\/v2\/product\/2035","targetHints":{"allow":["GET"]}}],"collection":[{"href":"https:\/\/talenti.hr\/index.php?rest_route=\/wp\/v2\/product"}],"about":[{"href":"https:\/\/talenti.hr\/index.php?rest_route=\/wp\/v2\/types\/product"}],"replies":[{"embeddable":true,"href":"https:\/\/talenti.hr\/index.php?rest_route=%2Fwp%2Fv2%2Fcomments&post=2035"}],"wp:featuredmedia":[{"embeddable":true,"href":"https:\/\/talenti.hr\/index.php?rest_route=\/wp\/v2\/media\/3847"}],"wp:attachment":[{"href":"https:\/\/talenti.hr\/index.php?rest_route=%2Fwp%2Fv2%2Fmedia&parent=2035"}],"wp:term":[{"taxonomy":"product_brand","embeddable":true,"href":"https:\/\/talenti.hr\/index.php?rest_route=%2Fwp%2Fv2%2Fproduct_brand&post=2035"},{"taxonomy":"product_cat","embeddable":true,"href":"https:\/\/talenti.hr\/index.php?rest_route=%2Fwp%2Fv2%2Fproduct_cat&post=2035"},{"taxonomy":"product_tag","embeddable":true,"href":"https:\/\/talenti.hr\/index.php?rest_route=%2Fwp%2Fv2%2Fproduct_tag&post=2035"}],"curies":[{"name":"wp","href":"https:\/\/api.w.org\/{rel}","templated":true}]}}