{"id":2047,"date":"2020-03-29T21:14:46","date_gmt":"2020-03-29T19:14:46","guid":{"rendered":"https:\/\/talenti.hr\/?post_type=product&#038;p=2047"},"modified":"2020-05-10T14:42:03","modified_gmt":"2020-05-10T12:42:03","slug":"slagalica-za-na-pod-gusarski-brod","status":"publish","type":"product","link":"https:\/\/talenti.hr\/?product=slagalica-za-na-pod-gusarski-brod","title":{"rendered":"Podna slagalica &#8211; gusarska la\u0111a"},"content":{"rendered":"<p>Ova slagalica ( Puzzle )\u00a0 umjesto kvadrata ima oblikovane rubove \u0161to dodaje zanimljivost i izazov.Nalazi se u lijepoj kutiji s ru\u010dkom.Poti\u010de ma\u0161tu,razmi\u0161ljanje i motori\u010dke sposobnosti.Za djecu od 4 do 7 godina.<\/p>\n<p>POZOR:artikl nije za djecu do 3 godine starosti.Maleni dijelovi su opasni,jer ih mogu udahnuti i progutati i postoji opasnost gu\u0161enja.Prije nego \u0161to djetetu damo ovaj proizvod odstranimo ambala\u017eu.Detalji i boje se u unutra\u0161njosti mogu razlikovati.Spremite ove informacije za kasniju upotrebu.<\/p>\n","protected":false},"excerpt":{"rendered":"<ul>\n<li>Veli\u010dina slagalice: 106 x 85,5 cm<\/li>\n<li>Veli\u010dina kutije: 28 x &#8230;<br \/>\n","protected":false},"featured_media":3831,"comment_status":"open","ping_status":"closed","template":"","meta":[],"product_brand":[],"product_cat":[161,160],"product_tag":[462,597,593,592],"class_list":{"0":"post-2047","1":"product","2":"type-product","3":"status-publish","4":"has-post-thumbnail","6":"product_cat-didakticne-poucne-igracke","7":"product_cat-igracke","8":"product_tag-janod","9":"product_tag-podna","10":"product_tag-puzzle","11":"product_tag-slagalica","13":"first","14":"instock","15":"taxable","16":"shipping-taxable","17":"purchasable","18":"product-type-simple"},"_links":{"self":[{"href":"https:\/\/talenti.hr\/index.php?rest_route=\/wp\/v2\/product\/2047","targetHints":{"allow":["GET"]}}],"collection":[{"href":"https:\/\/talenti.hr\/index.php?rest_route=\/wp\/v2\/product"}],"about":[{"href":"https:\/\/talenti.hr\/index.php?rest_route=\/wp\/v2\/types\/product"}],"replies":[{"embeddable":true,"href":"https:\/\/talenti.hr\/index.php?rest_route=%2Fwp%2Fv2%2Fcomments&post=2047"}],"wp:featuredmedia":[{"embeddable":true,"href":"https:\/\/talenti.hr\/index.php?rest_route=\/wp\/v2\/media\/3831"}],"wp:attachment":[{"href":"https:\/\/talenti.hr\/index.php?rest_route=%2Fwp%2Fv2%2Fmedia&parent=2047"}],"wp:term":[{"taxonomy":"product_brand","embeddable":true,"href":"https:\/\/talenti.hr\/index.php?rest_route=%2Fwp%2Fv2%2Fproduct_brand&post=2047"},{"taxonomy":"product_cat","embeddable":true,"href":"https:\/\/talenti.hr\/index.php?rest_route=%2Fwp%2Fv2%2Fproduct_cat&post=2047"},{"taxonomy":"product_tag","embeddable":true,"href":"https:\/\/talenti.hr\/index.php?rest_route=%2Fwp%2Fv2%2Fproduct_tag&post=2047"}],"curies":[{"name":"wp","href":"https:\/\/api.w.org\/{rel}","templated":true}]}}