{"id":2079,"date":"2020-03-29T21:32:45","date_gmt":"2020-03-29T19:32:45","guid":{"rendered":"https:\/\/talenti.hr\/?post_type=product&#038;p=2079"},"modified":"2020-05-10T14:31:03","modified_gmt":"2020-05-10T12:31:03","slug":"puzzle-nasa-plava-planeta","status":"publish","type":"product","link":"https:\/\/talenti.hr\/?product=puzzle-nasa-plava-planeta","title":{"rendered":"Slagalica &#8211; na\u0161a plava planeta"},"content":{"rendered":"<p>Janodova obostrana slagalica ( Puzzle ) biti \u0107e inspiracija i zabava u ki\u0161nim danima,ma\u0161ta \u0107e uzletiti,a slu\u017ei i kao pomagalo za u\u010denje o svijetu,ljudima i \u017eivotinjama. Igra\u010dka s puno obrazovne vrijednosti je krasno zapakirana u kutiji s ru\u010dkom pa je dijete lako nosi sa sobom na put.Osim ma\u0161te lijepo se razvijaju i motori\u010dke sposobnosti pri sastavljanju pojedinih dijelova u cjelinu.Dijete se s ovom slagalicom mo\u017ee zabaviti sate i sate.Primjereno za djecu iznad 6 godina.<\/p>\n<p>Upozorenje:Artikal nije za djecu do 3 godine starosti.Maleni dijelovi su opasni,jer ih mogu udahnuti ili progutati.Prije upotrebe odstranite ambala\u017eu,a ove informacije spremite za kasniju upotrebu.<\/p>\n","protected":false},"excerpt":{"rendered":"<ul>\n<li>Veli\u010dina slagalice: promjer 50 cm<\/li>\n<li>Veli\u010dina kutije: 25 x 25 &#8230;<br \/>\n","protected":false},"featured_media":3828,"comment_status":"open","ping_status":"closed","template":"","meta":[],"product_brand":[],"product_cat":[161,160],"product_tag":[462,594,595,596,593,592],"class_list":{"0":"post-2079","1":"product","2":"type-product","3":"status-publish","4":"has-post-thumbnail","6":"product_cat-didakticne-poucne-igracke","7":"product_cat-igracke","8":"product_tag-janod","9":"product_tag-nasa","10":"product_tag-planeta","11":"product_tag-plava","12":"product_tag-puzzle","13":"product_tag-slagalica","15":"first","16":"instock","17":"taxable","18":"shipping-taxable","19":"purchasable","20":"product-type-simple"},"_links":{"self":[{"href":"https:\/\/talenti.hr\/index.php?rest_route=\/wp\/v2\/product\/2079","targetHints":{"allow":["GET"]}}],"collection":[{"href":"https:\/\/talenti.hr\/index.php?rest_route=\/wp\/v2\/product"}],"about":[{"href":"https:\/\/talenti.hr\/index.php?rest_route=\/wp\/v2\/types\/product"}],"replies":[{"embeddable":true,"href":"https:\/\/talenti.hr\/index.php?rest_route=%2Fwp%2Fv2%2Fcomments&post=2079"}],"wp:featuredmedia":[{"embeddable":true,"href":"https:\/\/talenti.hr\/index.php?rest_route=\/wp\/v2\/media\/3828"}],"wp:attachment":[{"href":"https:\/\/talenti.hr\/index.php?rest_route=%2Fwp%2Fv2%2Fmedia&parent=2079"}],"wp:term":[{"taxonomy":"product_brand","embeddable":true,"href":"https:\/\/talenti.hr\/index.php?rest_route=%2Fwp%2Fv2%2Fproduct_brand&post=2079"},{"taxonomy":"product_cat","embeddable":true,"href":"https:\/\/talenti.hr\/index.php?rest_route=%2Fwp%2Fv2%2Fproduct_cat&post=2079"},{"taxonomy":"product_tag","embeddable":true,"href":"https:\/\/talenti.hr\/index.php?rest_route=%2Fwp%2Fv2%2Fproduct_tag&post=2079"}],"curies":[{"name":"wp","href":"https:\/\/api.w.org\/{rel}","templated":true}]}}