{"id":2097,"date":"2020-03-29T21:41:48","date_gmt":"2020-03-29T19:41:48","guid":{"rendered":"https:\/\/talenti.hr\/?post_type=product&#038;p=2097"},"modified":"2020-05-13T15:04:44","modified_gmt":"2020-05-13T13:04:44","slug":"djecji-zmaj-vatrogasac","status":"publish","type":"product","link":"https:\/\/talenti.hr\/?product=djecji-zmaj-vatrogasac","title":{"rendered":"Vatrogasac"},"content":{"rendered":"<p>Lijep dje\u010dji zmaj koji je vrlo stabilan \u0161to mu omogu\u0107uju 2 repa i izrada od kvalitetnih materijala ( kao i najbolji akrobatski zmajevi ).Platno je od materijala kao i jedra kod jedrilica ( Ripstop-poliester ).Konstrukciju \u010dine \u0161ipke od fiberglasa debljine 2 mm.Prilo\u017eena je nit od poliestera du\u017eine 60 m.<\/p>\n<p>Primjeren je za vjetrove od 2-5 Bft ( 7-38 km\/h ).<\/p>\n","protected":false},"excerpt":{"rendered":"<ul>\n<li>Visina: 64 cm<\/li>\n<li>\u0160irina: 71 cm<\/li>\n<li>Rok isporuke: 5-7 dana<\/li>\n<p> &#8230; <\/p>\n","protected":false},"featured_media":4024,"comment_status":"open","ping_status":"closed","template":"","meta":[],"product_brand":[],"product_cat":[160,167],"product_tag":[389,665,667,242],"class_list":{"0":"post-2097","1":"product","2":"type-product","3":"status-publish","4":"has-post-thumbnail","6":"product_cat-igracke","7":"product_cat-zmajevi-za-djecu","8":"product_tag-djeca","9":"product_tag-hq-invento","10":"product_tag-vatrogasac","11":"product_tag-zmaj","13":"first","14":"instock","15":"taxable","16":"shipping-taxable","17":"purchasable","18":"product-type-simple"},"_links":{"self":[{"href":"https:\/\/talenti.hr\/index.php?rest_route=\/wp\/v2\/product\/2097","targetHints":{"allow":["GET"]}}],"collection":[{"href":"https:\/\/talenti.hr\/index.php?rest_route=\/wp\/v2\/product"}],"about":[{"href":"https:\/\/talenti.hr\/index.php?rest_route=\/wp\/v2\/types\/product"}],"replies":[{"embeddable":true,"href":"https:\/\/talenti.hr\/index.php?rest_route=%2Fwp%2Fv2%2Fcomments&post=2097"}],"wp:featuredmedia":[{"embeddable":true,"href":"https:\/\/talenti.hr\/index.php?rest_route=\/wp\/v2\/media\/4024"}],"wp:attachment":[{"href":"https:\/\/talenti.hr\/index.php?rest_route=%2Fwp%2Fv2%2Fmedia&parent=2097"}],"wp:term":[{"taxonomy":"product_brand","embeddable":true,"href":"https:\/\/talenti.hr\/index.php?rest_route=%2Fwp%2Fv2%2Fproduct_brand&post=2097"},{"taxonomy":"product_cat","embeddable":true,"href":"https:\/\/talenti.hr\/index.php?rest_route=%2Fwp%2Fv2%2Fproduct_cat&post=2097"},{"taxonomy":"product_tag","embeddable":true,"href":"https:\/\/talenti.hr\/index.php?rest_route=%2Fwp%2Fv2%2Fproduct_tag&post=2097"}],"curies":[{"name":"wp","href":"https:\/\/api.w.org\/{rel}","templated":true}]}}