{"id":2125,"date":"2020-03-29T21:55:36","date_gmt":"2020-03-29T19:55:36","guid":{"rendered":"https:\/\/talenti.hr\/?post_type=product&#038;p=2125"},"modified":"2020-05-01T14:59:26","modified_gmt":"2020-05-01T12:59:26","slug":"footbag-kozni-sa-4-plocice","status":"publish","type":"product","link":"https:\/\/talenti.hr\/?product=footbag-kozni-sa-4-plocice","title":{"rendered":"Footbags ko\u017ene loptice sa 4 plo\u010dice"},"content":{"rendered":"<p>Izuzetno mekane i izdr\u017eljive sa dobrim prianjanjem.Punjene su finim pijeskom.<\/p>\n<p>Boja u\u017eivo se mo\u017ee razlikovati od one na slici!<\/p>\n","protected":false},"excerpt":{"rendered":"<p>&nbsp; <\/p>\n<ul>\n<li>Cijena je za 1 komad !!<\/li>\n<li>Te\u017eina: 50 g<\/li>\n<p> &#8230; <\/p>\n","protected":false},"featured_media":3474,"comment_status":"open","ping_status":"closed","template":"","meta":[],"product_brand":[],"product_cat":[179,168],"product_tag":[443,444,195],"class_list":{"0":"post-2125","1":"product","2":"type-product","3":"status-publish","4":"has-post-thumbnail","6":"product_cat-footbags-loptice","7":"product_cat-sport","8":"product_tag-footbags","9":"product_tag-koza","10":"product_tag-loptice","12":"first","13":"instock","14":"taxable","15":"shipping-taxable","16":"purchasable","17":"product-type-simple"},"_links":{"self":[{"href":"https:\/\/talenti.hr\/index.php?rest_route=\/wp\/v2\/product\/2125","targetHints":{"allow":["GET"]}}],"collection":[{"href":"https:\/\/talenti.hr\/index.php?rest_route=\/wp\/v2\/product"}],"about":[{"href":"https:\/\/talenti.hr\/index.php?rest_route=\/wp\/v2\/types\/product"}],"replies":[{"embeddable":true,"href":"https:\/\/talenti.hr\/index.php?rest_route=%2Fwp%2Fv2%2Fcomments&post=2125"}],"wp:featuredmedia":[{"embeddable":true,"href":"https:\/\/talenti.hr\/index.php?rest_route=\/wp\/v2\/media\/3474"}],"wp:attachment":[{"href":"https:\/\/talenti.hr\/index.php?rest_route=%2Fwp%2Fv2%2Fmedia&parent=2125"}],"wp:term":[{"taxonomy":"product_brand","embeddable":true,"href":"https:\/\/talenti.hr\/index.php?rest_route=%2Fwp%2Fv2%2Fproduct_brand&post=2125"},{"taxonomy":"product_cat","embeddable":true,"href":"https:\/\/talenti.hr\/index.php?rest_route=%2Fwp%2Fv2%2Fproduct_cat&post=2125"},{"taxonomy":"product_tag","embeddable":true,"href":"https:\/\/talenti.hr\/index.php?rest_route=%2Fwp%2Fv2%2Fproduct_tag&post=2125"}],"curies":[{"name":"wp","href":"https:\/\/api.w.org\/{rel}","templated":true}]}}