{"id":2206,"date":"2020-03-29T22:46:12","date_gmt":"2020-03-29T20:46:12","guid":{"rendered":"https:\/\/talenti.hr\/?post_type=product&#038;p=2206"},"modified":"2020-05-13T14:26:56","modified_gmt":"2020-05-13T12:26:56","slug":"aerobie-rocket-football","status":"publish","type":"product","link":"https:\/\/talenti.hr\/?product=aerobie-rocket-football","title":{"rendered":"Aerobie Rocket Football"},"content":{"rendered":"<p>Aerobie Rocket Football izuzetno je zabavan i atraktivan rekvizit napravljen od kompaktne pjene,mo\u017eete izvoditi duga\u010dka bacanja bez opasnosti da \u0107ete ne\u0161to razbiti ili nekoga povrijediti.Dva stabilizatora na lopti poma\u017eu da va\u0161e bacanje bude precizno i stabilno.<\/p>\n","protected":false},"excerpt":{"rendered":"<ul>\n<li>Du\u017eina: 16 cm<\/li>\n<li>Te\u017eina: 80 g<\/li>\n<li>Boje:plava,zelena,naran\u010dasta<\/li>\n<li>Rok isporuke: 5-7 &#8230;<br \/>\n","protected":false},"featured_media":3176,"comment_status":"open","ping_status":"closed","template":"","meta":[],"product_brand":[],"product_cat":[169,178,168],"product_tag":[316,318,317],"class_list":{"0":"post-2206","1":"product","2":"type-product","3":"status-publish","4":"has-post-thumbnail","6":"product_cat-frizbi-aerobie-sve-sto-leti","7":"product_cat-igre-na-otvorenom","8":"product_cat-sport","9":"product_tag-aerobie","10":"product_tag-football","11":"product_tag-rocket","13":"first","14":"instock","15":"taxable","16":"shipping-taxable","17":"purchasable","18":"product-type-simple"},"_links":{"self":[{"href":"https:\/\/talenti.hr\/index.php?rest_route=\/wp\/v2\/product\/2206","targetHints":{"allow":["GET"]}}],"collection":[{"href":"https:\/\/talenti.hr\/index.php?rest_route=\/wp\/v2\/product"}],"about":[{"href":"https:\/\/talenti.hr\/index.php?rest_route=\/wp\/v2\/types\/product"}],"replies":[{"embeddable":true,"href":"https:\/\/talenti.hr\/index.php?rest_route=%2Fwp%2Fv2%2Fcomments&post=2206"}],"wp:featuredmedia":[{"embeddable":true,"href":"https:\/\/talenti.hr\/index.php?rest_route=\/wp\/v2\/media\/3176"}],"wp:attachment":[{"href":"https:\/\/talenti.hr\/index.php?rest_route=%2Fwp%2Fv2%2Fmedia&parent=2206"}],"wp:term":[{"taxonomy":"product_brand","embeddable":true,"href":"https:\/\/talenti.hr\/index.php?rest_route=%2Fwp%2Fv2%2Fproduct_brand&post=2206"},{"taxonomy":"product_cat","embeddable":true,"href":"https:\/\/talenti.hr\/index.php?rest_route=%2Fwp%2Fv2%2Fproduct_cat&post=2206"},{"taxonomy":"product_tag","embeddable":true,"href":"https:\/\/talenti.hr\/index.php?rest_route=%2Fwp%2Fv2%2Fproduct_tag&post=2206"}],"curies":[{"name":"wp","href":"https:\/\/api.w.org\/{rel}","templated":true}]}}