{"id":2447,"date":"2020-03-30T10:47:11","date_gmt":"2020-03-30T08:47:11","guid":{"rendered":"https:\/\/talenti.hr\/?post_type=product&#038;p=2447"},"modified":"2020-04-23T10:57:21","modified_gmt":"2020-04-23T08:57:21","slug":"devilstick-knjizica-s-uputama-2","status":"publish","type":"product","link":"https:\/\/talenti.hr\/?product=devilstick-knjizica-s-uputama-2","title":{"rendered":"Devilstick bro\u0161ura"},"content":{"rendered":"<div id=\"product_description\">\n<p>Devilstick bro\u0161ura s uputama o \u017eongliranju je za sada prevedena na engleski i italijanski jezik. U njoj su prikazani svi po\u010detni trikovi s jednim devilstickom i osnove za dva devilsticka. Sastoji se od 24 strane s ilustracijama.<\/p>\n<\/div>\n","protected":false},"excerpt":{"rendered":"<ul>\n<li>Rok isporuke: 7 do 10 dana<\/li>\n<li>Proizvo\u0111a\u010d:Mr. Babache<\/li>\n<\/ul>\n<p> &#8230; <\/p>\n","protected":false},"featured_media":2449,"comment_status":"open","ping_status":"closed","template":"","meta":[],"product_brand":[],"product_cat":[153,159,149],"product_tag":[252,272],"class_list":{"0":"post-2447","1":"product","2":"type-product","3":"status-publish","4":"has-post-thumbnail","6":"product_cat-devilsticks-i-flowersticks","7":"product_cat-knjige-dvd","8":"product_cat-zongliranje","9":"product_tag-brosura","10":"product_tag-devilstick","12":"first","13":"instock","14":"taxable","15":"shipping-taxable","16":"purchasable","17":"product-type-simple"},"_links":{"self":[{"href":"https:\/\/talenti.hr\/index.php?rest_route=\/wp\/v2\/product\/2447","targetHints":{"allow":["GET"]}}],"collection":[{"href":"https:\/\/talenti.hr\/index.php?rest_route=\/wp\/v2\/product"}],"about":[{"href":"https:\/\/talenti.hr\/index.php?rest_route=\/wp\/v2\/types\/product"}],"replies":[{"embeddable":true,"href":"https:\/\/talenti.hr\/index.php?rest_route=%2Fwp%2Fv2%2Fcomments&post=2447"}],"wp:featuredmedia":[{"embeddable":true,"href":"https:\/\/talenti.hr\/index.php?rest_route=\/wp\/v2\/media\/2449"}],"wp:attachment":[{"href":"https:\/\/talenti.hr\/index.php?rest_route=%2Fwp%2Fv2%2Fmedia&parent=2447"}],"wp:term":[{"taxonomy":"product_brand","embeddable":true,"href":"https:\/\/talenti.hr\/index.php?rest_route=%2Fwp%2Fv2%2Fproduct_brand&post=2447"},{"taxonomy":"product_cat","embeddable":true,"href":"https:\/\/talenti.hr\/index.php?rest_route=%2Fwp%2Fv2%2Fproduct_cat&post=2447"},{"taxonomy":"product_tag","embeddable":true,"href":"https:\/\/talenti.hr\/index.php?rest_route=%2Fwp%2Fv2%2Fproduct_tag&post=2447"}],"curies":[{"name":"wp","href":"https:\/\/api.w.org\/{rel}","templated":true}]}}