{"id":2535,"date":"2020-03-30T12:19:36","date_gmt":"2020-03-30T10:19:36","guid":{"rendered":"https:\/\/talenti.hr\/?post_type=product&#038;p=2535"},"modified":"2020-03-30T14:18:50","modified_gmt":"2020-03-30T12:18:50","slug":"levi-stick-moon","status":"publish","type":"product","link":"https:\/\/talenti.hr\/?product=levi-stick-moon","title":{"rendered":"Levi Stick Moon"},"content":{"rendered":"<div id=\"product_description\">\n<p>Levi Stick Moon je \u0161tap pri\u010dvr\u0161\u0107en za ruku skoro nevidljivom niti pa mo\u017eemo posti\u0107i pravu iluziju lebdenja spretnim pokretima ruku.Mo\u017ee se puniti na izvoru svijetlosti i efekt traje 15 minuta ili vi\u0161e ovisno o mo\u0107i svijetla kojem je bio izlo\u017een.<\/p>\n<p><a class=\"ytp-share-panel-link ytp-no-contextmenu\" title=\"Share link\" href=\"https:\/\/youtu.be\/MScHgmv_U0E\" target=\"_blank\" rel=\"noopener noreferrer\">https:\/\/youtu.be\/MScHgmv_U0E<\/a><\/p>\n<\/div>\n","protected":false},"excerpt":{"rendered":"<ul>\n<li>Dostupnost:2 &#8211; 3 dana<\/li>\n<li>Model:LSM<\/li>\n<li>Proizvo\u0111a\u010d:Juggle Dream<\/li>\n<\/ul>\n<p> &#8230; <\/p>\n","protected":false},"featured_media":2537,"comment_status":"open","ping_status":"closed","template":"","meta":[],"product_brand":[],"product_cat":[158,156,149],"product_tag":[],"class_list":{"0":"post-2535","1":"product","2":"type-product","3":"status-publish","4":"has-post-thumbnail","6":"product_cat-moon-i-led-rekviziti","7":"product_cat-razni-zonglerski-rekviziti","8":"product_cat-zongliranje","10":"first","11":"instock","12":"taxable","13":"shipping-taxable","14":"purchasable","15":"product-type-simple"},"_links":{"self":[{"href":"https:\/\/talenti.hr\/index.php?rest_route=\/wp\/v2\/product\/2535","targetHints":{"allow":["GET"]}}],"collection":[{"href":"https:\/\/talenti.hr\/index.php?rest_route=\/wp\/v2\/product"}],"about":[{"href":"https:\/\/talenti.hr\/index.php?rest_route=\/wp\/v2\/types\/product"}],"replies":[{"embeddable":true,"href":"https:\/\/talenti.hr\/index.php?rest_route=%2Fwp%2Fv2%2Fcomments&post=2535"}],"wp:featuredmedia":[{"embeddable":true,"href":"https:\/\/talenti.hr\/index.php?rest_route=\/wp\/v2\/media\/2537"}],"wp:attachment":[{"href":"https:\/\/talenti.hr\/index.php?rest_route=%2Fwp%2Fv2%2Fmedia&parent=2535"}],"wp:term":[{"taxonomy":"product_brand","embeddable":true,"href":"https:\/\/talenti.hr\/index.php?rest_route=%2Fwp%2Fv2%2Fproduct_brand&post=2535"},{"taxonomy":"product_cat","embeddable":true,"href":"https:\/\/talenti.hr\/index.php?rest_route=%2Fwp%2Fv2%2Fproduct_cat&post=2535"},{"taxonomy":"product_tag","embeddable":true,"href":"https:\/\/talenti.hr\/index.php?rest_route=%2Fwp%2Fv2%2Fproduct_tag&post=2535"}],"curies":[{"name":"wp","href":"https:\/\/api.w.org\/{rel}","templated":true}]}}