{"id":2550,"date":"2020-03-30T12:30:21","date_gmt":"2020-03-30T10:30:21","guid":{"rendered":"https:\/\/talenti.hr\/?post_type=product&#038;p=2550"},"modified":"2020-04-23T15:27:12","modified_gmt":"2020-04-23T13:27:12","slug":"poi-led-light","status":"publish","type":"product","link":"https:\/\/talenti.hr\/?product=poi-led-light","title":{"rendered":"Poi LED &#8211; Light"},"content":{"rendered":"<p>Poi LED &#8211; Light je nova verzija svijetle\u0107ih poia.U usporedbi s prethodnim modelom je jeftiniji,ali kvaliteta je ostala ista.Boje se stalno izmjenjuju \u0161to je vrlo atraktivno pri no\u0107nom vrtenju.Baterije su prilo\u017eene ( 2 baterije CR 1632 po loptici ).Mogu svijetliti bez prestanka 6 sati.<\/p>\n","protected":false},"excerpt":{"rendered":"<ul>\n<li>Cijena je za 1 par!!<\/li>\n<li>Rok isporuke: 5 do 7 &#8230;<br \/>\n","protected":false},"featured_media":2552,"comment_status":"open","ping_status":"closed","template":"","meta":[],"product_brand":[],"product_cat":[158,155,149],"product_tag":[208,299,293],"class_list":{"0":"post-2550","1":"product","2":"type-product","3":"status-publish","4":"has-post-thumbnail","6":"product_cat-moon-i-led-rekviziti","7":"product_cat-poivrtnja-i-swinging","8":"product_cat-zongliranje","9":"product_tag-led","10":"product_tag-light","11":"product_tag-poi","13":"first","14":"instock","15":"taxable","16":"shipping-taxable","17":"purchasable","18":"product-type-simple"},"_links":{"self":[{"href":"https:\/\/talenti.hr\/index.php?rest_route=\/wp\/v2\/product\/2550","targetHints":{"allow":["GET"]}}],"collection":[{"href":"https:\/\/talenti.hr\/index.php?rest_route=\/wp\/v2\/product"}],"about":[{"href":"https:\/\/talenti.hr\/index.php?rest_route=\/wp\/v2\/types\/product"}],"replies":[{"embeddable":true,"href":"https:\/\/talenti.hr\/index.php?rest_route=%2Fwp%2Fv2%2Fcomments&post=2550"}],"wp:featuredmedia":[{"embeddable":true,"href":"https:\/\/talenti.hr\/index.php?rest_route=\/wp\/v2\/media\/2552"}],"wp:attachment":[{"href":"https:\/\/talenti.hr\/index.php?rest_route=%2Fwp%2Fv2%2Fmedia&parent=2550"}],"wp:term":[{"taxonomy":"product_brand","embeddable":true,"href":"https:\/\/talenti.hr\/index.php?rest_route=%2Fwp%2Fv2%2Fproduct_brand&post=2550"},{"taxonomy":"product_cat","embeddable":true,"href":"https:\/\/talenti.hr\/index.php?rest_route=%2Fwp%2Fv2%2Fproduct_cat&post=2550"},{"taxonomy":"product_tag","embeddable":true,"href":"https:\/\/talenti.hr\/index.php?rest_route=%2Fwp%2Fv2%2Fproduct_tag&post=2550"}],"curies":[{"name":"wp","href":"https:\/\/api.w.org\/{rel}","templated":true}]}}