{"id":2570,"date":"2020-03-30T13:38:01","date_gmt":"2020-03-30T11:38:01","guid":{"rendered":"https:\/\/talenti.hr\/?post_type=product&#038;p=2570"},"modified":"2020-04-25T13:33:04","modified_gmt":"2020-04-25T11:33:04","slug":"vatrena-lepeza-flower","status":"publish","type":"product","link":"https:\/\/talenti.hr\/?product=vatrena-lepeza-flower","title":{"rendered":"Vatrena lepeza Flower"},"content":{"rendered":"<p>Vatrena lepeza Flower je izuzetno atraktivan rekvizit koji omogu\u0107uje \u010darobne vatrene predstave.Lepeza je izra\u0111ena od savijene metalne \u017eice koja tvori lik ru\u017ee.Na vrhu svakog pojedinog kraka je namje\u0161tena 50 mm \u0161iroka kevlarska traka.<\/p>\n","protected":false},"excerpt":{"rendered":"<ul>\n<li>Cijena je za 1 par !!<\/li>\n<li>Te\u017eina po komadu. 520 &#8230;<br \/>\n","protected":false},"featured_media":2572,"comment_status":"open","ping_status":"closed","template":"","meta":[],"product_brand":[],"product_cat":[155,157,149],"product_tag":[78,314,305],"class_list":{"0":"post-2570","1":"product","2":"type-product","3":"status-publish","4":"has-post-thumbnail","6":"product_cat-poivrtnja-i-swinging","7":"product_cat-vatreni-rekviziti","8":"product_cat-zongliranje","9":"product_tag-flower","10":"product_tag-lepeza","11":"product_tag-vatrena","13":"first","14":"instock","15":"taxable","16":"shipping-taxable","17":"purchasable","18":"product-type-simple"},"_links":{"self":[{"href":"https:\/\/talenti.hr\/index.php?rest_route=\/wp\/v2\/product\/2570","targetHints":{"allow":["GET"]}}],"collection":[{"href":"https:\/\/talenti.hr\/index.php?rest_route=\/wp\/v2\/product"}],"about":[{"href":"https:\/\/talenti.hr\/index.php?rest_route=\/wp\/v2\/types\/product"}],"replies":[{"embeddable":true,"href":"https:\/\/talenti.hr\/index.php?rest_route=%2Fwp%2Fv2%2Fcomments&post=2570"}],"wp:featuredmedia":[{"embeddable":true,"href":"https:\/\/talenti.hr\/index.php?rest_route=\/wp\/v2\/media\/2572"}],"wp:attachment":[{"href":"https:\/\/talenti.hr\/index.php?rest_route=%2Fwp%2Fv2%2Fmedia&parent=2570"}],"wp:term":[{"taxonomy":"product_brand","embeddable":true,"href":"https:\/\/talenti.hr\/index.php?rest_route=%2Fwp%2Fv2%2Fproduct_brand&post=2570"},{"taxonomy":"product_cat","embeddable":true,"href":"https:\/\/talenti.hr\/index.php?rest_route=%2Fwp%2Fv2%2Fproduct_cat&post=2570"},{"taxonomy":"product_tag","embeddable":true,"href":"https:\/\/talenti.hr\/index.php?rest_route=%2Fwp%2Fv2%2Fproduct_tag&post=2570"}],"curies":[{"name":"wp","href":"https:\/\/api.w.org\/{rel}","templated":true}]}}