{"id":2600,"date":"2020-03-30T14:18:15","date_gmt":"2020-03-30T12:18:15","guid":{"rendered":"https:\/\/talenti.hr\/?post_type=product&#038;p=2600"},"modified":"2020-04-23T15:49:52","modified_gmt":"2020-04-23T13:49:52","slug":"kolutovi-za-zongliranje-standard","status":"publish","type":"product","link":"https:\/\/talenti.hr\/?product=kolutovi-za-zongliranje-standard","title":{"rendered":"Kolutovi za \u017eongliranje Standard"},"content":{"rendered":"<div id=\"product_description\">\n<p>Kolutovi za \u017eongliranje Standard su preporu\u010dljivi za \u017eonglersko dodavanje (passing) me\u0111u dvije ili vi\u0161e osoba. \u017dongliranje s kolutovima se u pokretima ne razlikuje\u00a0 od \u017eongliranja sa lopticama, samo je dodavanje i hvatanje obru\u010da druga\u010dije. Dostupni su i u Moon verziji te manjoj veli\u010dini od 24 cm te\u017eine 80 g.<\/p>\n<\/div>\n","protected":false},"excerpt":{"rendered":"<ul>\n<li>Promjer: 32 cm<\/li>\n<li>Te\u017eina: 100 g<\/li>\n<li>Boje: bijela,crvena,\u017euta,naran\u010dasta,plava,zelena<\/li>\n<li>Rok isporuke. &#8230;<br \/>\n","protected":false},"featured_media":2602,"comment_status":"open","ping_status":"closed","template":"","meta":[],"product_brand":[],"product_cat":[156,149],"product_tag":[303,304,237],"class_list":{"0":"post-2600","1":"product","2":"type-product","3":"status-publish","4":"has-post-thumbnail","6":"product_cat-razni-zonglerski-rekviziti","7":"product_cat-zongliranje","8":"product_tag-kolutovi","9":"product_tag-standard","10":"product_tag-zongliranje","12":"first","13":"instock","14":"taxable","15":"shipping-taxable","16":"purchasable","17":"product-type-simple"},"_links":{"self":[{"href":"https:\/\/talenti.hr\/index.php?rest_route=\/wp\/v2\/product\/2600","targetHints":{"allow":["GET"]}}],"collection":[{"href":"https:\/\/talenti.hr\/index.php?rest_route=\/wp\/v2\/product"}],"about":[{"href":"https:\/\/talenti.hr\/index.php?rest_route=\/wp\/v2\/types\/product"}],"replies":[{"embeddable":true,"href":"https:\/\/talenti.hr\/index.php?rest_route=%2Fwp%2Fv2%2Fcomments&post=2600"}],"wp:featuredmedia":[{"embeddable":true,"href":"https:\/\/talenti.hr\/index.php?rest_route=\/wp\/v2\/media\/2602"}],"wp:attachment":[{"href":"https:\/\/talenti.hr\/index.php?rest_route=%2Fwp%2Fv2%2Fmedia&parent=2600"}],"wp:term":[{"taxonomy":"product_brand","embeddable":true,"href":"https:\/\/talenti.hr\/index.php?rest_route=%2Fwp%2Fv2%2Fproduct_brand&post=2600"},{"taxonomy":"product_cat","embeddable":true,"href":"https:\/\/talenti.hr\/index.php?rest_route=%2Fwp%2Fv2%2Fproduct_cat&post=2600"},{"taxonomy":"product_tag","embeddable":true,"href":"https:\/\/talenti.hr\/index.php?rest_route=%2Fwp%2Fv2%2Fproduct_tag&post=2600"}],"curies":[{"name":"wp","href":"https:\/\/api.w.org\/{rel}","templated":true}]}}