{"id":2606,"date":"2020-03-30T14:21:19","date_gmt":"2020-03-30T12:21:19","guid":{"rendered":"https:\/\/talenti.hr\/?post_type=product&#038;p=2606"},"modified":"2020-03-30T14:21:19","modified_gmt":"2020-03-30T12:21:19","slug":"marame-za-zongliranje-set","status":"publish","type":"product","link":"https:\/\/talenti.hr\/?product=marame-za-zongliranje-set","title":{"rendered":"Marame za \u017eongliranje-set"},"content":{"rendered":"<div id=\"product_description\">\n<p><strong>Marame za \u017eongliranje<\/strong><\/p>\n<p><strong>Veli\u010dina: 70 x 70 cm<\/strong><\/p>\n<p><strong>Namijenjene su prvenstveno po\u010detnicima. S njima djeca najlak\u0161e nau\u010de prve \u017eonglerske trikove, jer dosta sporije padaju od \u017eonglerskih loptica.<\/strong><\/p>\n<p><strong>U setu su crvena, plava, \u017euta, zelena, narand\u017easta i ljubi\u010dasta marama.<\/strong><\/p>\n<\/div>\n","protected":false},"excerpt":{"rendered":"<ul>\n<li>Dostupnost:2 &#8211; 3 dana<\/li>\n<li>Model:MZ\u017d<\/li>\n<li>Proizvo\u0111a\u010d:Goki<\/li>\n<\/ul>\n<p> &#8230; <\/p>\n","protected":false},"featured_media":2608,"comment_status":"open","ping_status":"closed","template":"","meta":[],"product_brand":[],"product_cat":[156,149],"product_tag":[],"class_list":{"0":"post-2606","1":"product","2":"type-product","3":"status-publish","4":"has-post-thumbnail","6":"product_cat-razni-zonglerski-rekviziti","7":"product_cat-zongliranje","9":"first","10":"instock","11":"taxable","12":"shipping-taxable","13":"purchasable","14":"product-type-simple"},"_links":{"self":[{"href":"https:\/\/talenti.hr\/index.php?rest_route=\/wp\/v2\/product\/2606","targetHints":{"allow":["GET"]}}],"collection":[{"href":"https:\/\/talenti.hr\/index.php?rest_route=\/wp\/v2\/product"}],"about":[{"href":"https:\/\/talenti.hr\/index.php?rest_route=\/wp\/v2\/types\/product"}],"replies":[{"embeddable":true,"href":"https:\/\/talenti.hr\/index.php?rest_route=%2Fwp%2Fv2%2Fcomments&post=2606"}],"wp:featuredmedia":[{"embeddable":true,"href":"https:\/\/talenti.hr\/index.php?rest_route=\/wp\/v2\/media\/2608"}],"wp:attachment":[{"href":"https:\/\/talenti.hr\/index.php?rest_route=%2Fwp%2Fv2%2Fmedia&parent=2606"}],"wp:term":[{"taxonomy":"product_brand","embeddable":true,"href":"https:\/\/talenti.hr\/index.php?rest_route=%2Fwp%2Fv2%2Fproduct_brand&post=2606"},{"taxonomy":"product_cat","embeddable":true,"href":"https:\/\/talenti.hr\/index.php?rest_route=%2Fwp%2Fv2%2Fproduct_cat&post=2606"},{"taxonomy":"product_tag","embeddable":true,"href":"https:\/\/talenti.hr\/index.php?rest_route=%2Fwp%2Fv2%2Fproduct_tag&post=2606"}],"curies":[{"name":"wp","href":"https:\/\/api.w.org\/{rel}","templated":true}]}}