{"id":2702,"date":"2020-03-30T15:31:18","date_gmt":"2020-03-30T13:31:18","guid":{"rendered":"https:\/\/talenti.hr\/?post_type=product&#038;p=2702"},"modified":"2020-04-20T15:05:04","modified_gmt":"2020-04-20T13:05:04","slug":"pogo-stick-20kg","status":"publish","type":"product","link":"https:\/\/talenti.hr\/?product=pogo-stick-20kg","title":{"rendered":"Pogo Stick 20 kg &#8211; \u0161tap za skakanje"},"content":{"rendered":"<ul>\n<li>120 mm\u00a0hoda ( ima 2 opruge i dodatnu za\u0161titu amortiziraju\u0107eg sistema )<\/li>\n<li>\u010celi\u010dni\u00a0okov\u00a0promjera 32 mm<\/li>\n<li>Du\u017eina palice: 86 cm, Du\u017eina palice od\u00a0pedale do ru\u010dke: 65 cm<\/li>\n<li>Posebno prilago\u0111ene gumene ru\u010dke!<\/li>\n<\/ul>\n<p>Pogo Stick 20kg ( \u0161tap za skakanje )namijenjen je djeci koja se prvi put susre\u0107u s ovim rekvizitom. Njegova napredna tehnologija omogu\u0107uje upotrebu bez posebnog odr\u017eavanja.Prilo\u017eena je i zamjenjiva protuklizna guma. Primjeren je za tjelesnu te\u017einu do 15 do 20 kg.<\/p>\n<p>&nbsp;<\/p>\n","protected":false},"excerpt":{"rendered":"<ul>\n<li>Boja: zelena<\/li>\n<li>Rok isporuke: do 7 dana<\/li>\n<li>Proizvo\u0111a\u010d:Qu-Ax<\/li>\n<\/ul>\n<p> &#8230; <\/p>\n","protected":false},"featured_media":2704,"comment_status":"open","ping_status":"closed","template":"","meta":[],"product_brand":[],"product_cat":[238,176,168],"product_tag":[239,240],"class_list":{"0":"post-2702","1":"product","2":"type-product","3":"status-publish","4":"has-post-thumbnail","6":"product_cat-pogo-stick","7":"product_cat-ravnoteza","8":"product_cat-sport","9":"product_tag-pogo","10":"product_tag-stick","12":"first","13":"instock","14":"taxable","15":"shipping-taxable","16":"purchasable","17":"product-type-simple"},"_links":{"self":[{"href":"https:\/\/talenti.hr\/index.php?rest_route=\/wp\/v2\/product\/2702","targetHints":{"allow":["GET"]}}],"collection":[{"href":"https:\/\/talenti.hr\/index.php?rest_route=\/wp\/v2\/product"}],"about":[{"href":"https:\/\/talenti.hr\/index.php?rest_route=\/wp\/v2\/types\/product"}],"replies":[{"embeddable":true,"href":"https:\/\/talenti.hr\/index.php?rest_route=%2Fwp%2Fv2%2Fcomments&post=2702"}],"wp:featuredmedia":[{"embeddable":true,"href":"https:\/\/talenti.hr\/index.php?rest_route=\/wp\/v2\/media\/2704"}],"wp:attachment":[{"href":"https:\/\/talenti.hr\/index.php?rest_route=%2Fwp%2Fv2%2Fmedia&parent=2702"}],"wp:term":[{"taxonomy":"product_brand","embeddable":true,"href":"https:\/\/talenti.hr\/index.php?rest_route=%2Fwp%2Fv2%2Fproduct_brand&post=2702"},{"taxonomy":"product_cat","embeddable":true,"href":"https:\/\/talenti.hr\/index.php?rest_route=%2Fwp%2Fv2%2Fproduct_cat&post=2702"},{"taxonomy":"product_tag","embeddable":true,"href":"https:\/\/talenti.hr\/index.php?rest_route=%2Fwp%2Fv2%2Fproduct_tag&post=2702"}],"curies":[{"name":"wp","href":"https:\/\/api.w.org\/{rel}","templated":true}]}}