{"id":2708,"date":"2020-03-30T15:33:58","date_gmt":"2020-03-30T13:33:58","guid":{"rendered":"https:\/\/talenti.hr\/?post_type=product&#038;p=2708"},"modified":"2020-03-30T15:33:59","modified_gmt":"2020-03-30T13:33:59","slug":"bicikl-bez-pedala","status":"publish","type":"product","link":"https:\/\/talenti.hr\/?product=bicikl-bez-pedala","title":{"rendered":"Bicikl bez pedala"},"content":{"rendered":"<div id=\"product_description\">\n<p>Bicikl bez pedala je lagan,sjedi\u0161te podesivo ve\u0107 za djecu visine ve\u0107 od 81 cm,stra\u017enja vilica slu\u017ei kao dr\u017ea\u010d nogu,kota\u010di imaju punu gumu pa se ne bu\u0161e na grubim terenima,sjedalo je mekano i udobno pa noge ne bole ni nakon du\u017ee upotrebe,koristi se u mnogim vrti\u0107ima i jaslicama.<\/p>\n<p>Radi se o prvorazrednom proizvodu izra\u0111enom od stru\u010dnjaka za guralice sa prihvatljivom cijenom uz jamstvo od 2 godine.<\/p>\n<p>Dolazi u svim bojama i raznim kombinacijama sa crnim gumama ( op\u0161irnije na biciklbezpedala.hr ).<\/p>\n<p>Veli\u010dina kota\u010da je 12 i 16&#8243;.<\/p>\n<\/div>\n","protected":false},"excerpt":{"rendered":"<ul>\n<li>Dostupnost:2 &#8211; 3 dana<\/li>\n<li>Model:BBP<\/li>\n<\/ul>\n<p> &#8230; <\/p>\n","protected":false},"featured_media":2710,"comment_status":"open","ping_status":"closed","template":"","meta":[],"product_brand":[],"product_cat":[176,168],"product_tag":[],"class_list":{"0":"post-2708","1":"product","2":"type-product","3":"status-publish","4":"has-post-thumbnail","6":"product_cat-ravnoteza","7":"product_cat-sport","9":"first","10":"instock","11":"taxable","12":"shipping-taxable","13":"purchasable","14":"product-type-simple"},"_links":{"self":[{"href":"https:\/\/talenti.hr\/index.php?rest_route=\/wp\/v2\/product\/2708","targetHints":{"allow":["GET"]}}],"collection":[{"href":"https:\/\/talenti.hr\/index.php?rest_route=\/wp\/v2\/product"}],"about":[{"href":"https:\/\/talenti.hr\/index.php?rest_route=\/wp\/v2\/types\/product"}],"replies":[{"embeddable":true,"href":"https:\/\/talenti.hr\/index.php?rest_route=%2Fwp%2Fv2%2Fcomments&post=2708"}],"wp:featuredmedia":[{"embeddable":true,"href":"https:\/\/talenti.hr\/index.php?rest_route=\/wp\/v2\/media\/2710"}],"wp:attachment":[{"href":"https:\/\/talenti.hr\/index.php?rest_route=%2Fwp%2Fv2%2Fmedia&parent=2708"}],"wp:term":[{"taxonomy":"product_brand","embeddable":true,"href":"https:\/\/talenti.hr\/index.php?rest_route=%2Fwp%2Fv2%2Fproduct_brand&post=2708"},{"taxonomy":"product_cat","embeddable":true,"href":"https:\/\/talenti.hr\/index.php?rest_route=%2Fwp%2Fv2%2Fproduct_cat&post=2708"},{"taxonomy":"product_tag","embeddable":true,"href":"https:\/\/talenti.hr\/index.php?rest_route=%2Fwp%2Fv2%2Fproduct_tag&post=2708"}],"curies":[{"name":"wp","href":"https:\/\/api.w.org\/{rel}","templated":true}]}}