{"id":2726,"date":"2020-03-30T15:41:38","date_gmt":"2020-03-30T13:41:38","guid":{"rendered":"https:\/\/talenti.hr\/?post_type=product&#038;p=2726"},"modified":"2020-04-29T13:40:19","modified_gmt":"2020-04-29T11:40:19","slug":"rola-bola-play","status":"publish","type":"product","link":"https:\/\/talenti.hr\/?product=rola-bola-play","title":{"rendered":"Rola Bola Play"},"content":{"rendered":"<p>Rola Bola Play napravljena je tako da omogu\u0107uje namje\u0161tanje dodatnog &#8221; kata &#8220;.Na krajevima su \u0161titnici koji spre\u010davaju izmicanje daske.Na cijevi je namje\u0161tena protuklizna guma.Svaki dio seta mo\u017ee se kupiti posebno.<\/p>\n","protected":false},"excerpt":{"rendered":"<ul>\n<li>Veli\u010dina daske: 65 x 25 cm<\/li>\n<li>Promjer cijevi: 12,5 cm<\/li>\n<p> &#8230; <\/p>\n","protected":false},"featured_media":3373,"comment_status":"open","ping_status":"closed","template":"","meta":[],"product_brand":[],"product_cat":[176,168],"product_tag":[398,281,397],"class_list":{"0":"post-2726","1":"product","2":"type-product","3":"status-publish","4":"has-post-thumbnail","6":"product_cat-ravnoteza","7":"product_cat-sport","8":"product_tag-bola","9":"product_tag-play","10":"product_tag-rola","12":"first","13":"instock","14":"taxable","15":"shipping-taxable","16":"purchasable","17":"product-type-simple"},"_links":{"self":[{"href":"https:\/\/talenti.hr\/index.php?rest_route=\/wp\/v2\/product\/2726","targetHints":{"allow":["GET"]}}],"collection":[{"href":"https:\/\/talenti.hr\/index.php?rest_route=\/wp\/v2\/product"}],"about":[{"href":"https:\/\/talenti.hr\/index.php?rest_route=\/wp\/v2\/types\/product"}],"replies":[{"embeddable":true,"href":"https:\/\/talenti.hr\/index.php?rest_route=%2Fwp%2Fv2%2Fcomments&post=2726"}],"wp:featuredmedia":[{"embeddable":true,"href":"https:\/\/talenti.hr\/index.php?rest_route=\/wp\/v2\/media\/3373"}],"wp:attachment":[{"href":"https:\/\/talenti.hr\/index.php?rest_route=%2Fwp%2Fv2%2Fmedia&parent=2726"}],"wp:term":[{"taxonomy":"product_brand","embeddable":true,"href":"https:\/\/talenti.hr\/index.php?rest_route=%2Fwp%2Fv2%2Fproduct_brand&post=2726"},{"taxonomy":"product_cat","embeddable":true,"href":"https:\/\/talenti.hr\/index.php?rest_route=%2Fwp%2Fv2%2Fproduct_cat&post=2726"},{"taxonomy":"product_tag","embeddable":true,"href":"https:\/\/talenti.hr\/index.php?rest_route=%2Fwp%2Fv2%2Fproduct_tag&post=2726"}],"curies":[{"name":"wp","href":"https:\/\/api.w.org\/{rel}","templated":true}]}}