{"id":2735,"date":"2020-03-30T15:45:18","date_gmt":"2020-03-30T13:45:18","guid":{"rendered":"https:\/\/talenti.hr\/?post_type=product&#038;p=2735"},"modified":"2020-04-22T16:55:02","modified_gmt":"2020-04-22T14:55:02","slug":"romobil-qu-ax-stunt-hardcore","status":"publish","type":"product","link":"https:\/\/talenti.hr\/?product=romobil-qu-ax-stunt-hardcore","title":{"rendered":"Romobil Qu-Ax Stunt Hardcore"},"content":{"rendered":"<p>Aluminijski romobil njema\u010dkog proizvo\u0111a\u010da monocikla Qu-Ax odlikuju odli\u010dni materijali,le\u017eaji, \u010dvrsta aluminijska daska i sna\u017ena no\u017ena ko\u010dnica na zadnjem kota\u010du \u0161to omogu\u0107uje sigurnu vo\u017enju.Namijenjen je onima koji \u017eele izvoditi freestyle trikove.<\/p>\n","protected":false},"excerpt":{"rendered":"<ul>\n<li>Rok isporuke: 10-14 dana<\/li>\n<li>Proizvo\u0111a\u010d:Qu-Ax<\/li>\n<\/ul>\n<p> &#8230; <\/p>\n","protected":false},"featured_media":2737,"comment_status":"open","ping_status":"closed","template":"","meta":[],"product_brand":[],"product_cat":[176,168],"product_tag":[259,257,256,258],"class_list":{"0":"post-2735","1":"product","2":"type-product","3":"status-publish","4":"has-post-thumbnail","6":"product_cat-ravnoteza","7":"product_cat-sport","8":"product_tag-hardcore","9":"product_tag-qu-ax","10":"product_tag-romobil","11":"product_tag-stunt","13":"first","14":"instock","15":"taxable","16":"shipping-taxable","17":"purchasable","18":"product-type-simple"},"_links":{"self":[{"href":"https:\/\/talenti.hr\/index.php?rest_route=\/wp\/v2\/product\/2735","targetHints":{"allow":["GET"]}}],"collection":[{"href":"https:\/\/talenti.hr\/index.php?rest_route=\/wp\/v2\/product"}],"about":[{"href":"https:\/\/talenti.hr\/index.php?rest_route=\/wp\/v2\/types\/product"}],"replies":[{"embeddable":true,"href":"https:\/\/talenti.hr\/index.php?rest_route=%2Fwp%2Fv2%2Fcomments&post=2735"}],"wp:featuredmedia":[{"embeddable":true,"href":"https:\/\/talenti.hr\/index.php?rest_route=\/wp\/v2\/media\/2737"}],"wp:attachment":[{"href":"https:\/\/talenti.hr\/index.php?rest_route=%2Fwp%2Fv2%2Fmedia&parent=2735"}],"wp:term":[{"taxonomy":"product_brand","embeddable":true,"href":"https:\/\/talenti.hr\/index.php?rest_route=%2Fwp%2Fv2%2Fproduct_brand&post=2735"},{"taxonomy":"product_cat","embeddable":true,"href":"https:\/\/talenti.hr\/index.php?rest_route=%2Fwp%2Fv2%2Fproduct_cat&post=2735"},{"taxonomy":"product_tag","embeddable":true,"href":"https:\/\/talenti.hr\/index.php?rest_route=%2Fwp%2Fv2%2Fproduct_tag&post=2735"}],"curies":[{"name":"wp","href":"https:\/\/api.w.org\/{rel}","templated":true}]}}