{"id":2741,"date":"2020-03-30T15:47:30","date_gmt":"2020-03-30T13:47:30","guid":{"rendered":"https:\/\/talenti.hr\/?post_type=product&#038;p=2741"},"modified":"2020-04-29T11:44:36","modified_gmt":"2020-04-29T09:44:36","slug":"stule-pro","status":"publish","type":"product","link":"https:\/\/talenti.hr\/?product=stule-pro","title":{"rendered":"\u0160tule PRO"},"content":{"rendered":"<p>\u0160tule PRO namijenjene su profesionalnoj upotrebi,imaju ugra\u0111en poseban opru\u017eni sistem koji simulira prirodni hod,izgledaju originalno,a vi se osje\u0107ate kao da hodate po tlu.Mogu se produ\u017eiti od 60 do 100 cm visine. Napravljene su od laganih kovina pa svaka te\u017ei samo 4 kg.Na &#8221; stopalu &#8221; je stavljena protuklizna guma. Nosivost je 105 kg.<\/p>\n<p>Mogu se koristiti i u gra\u0111evinarstvu,vrtlarstvu,vo\u0107arstvu i poljoprivredi.<\/p>\n","protected":false},"excerpt":{"rendered":"<ul>\n<li>Rok isporuke: 7-10 dana<\/li>\n<li>Proizvo\u0111a\u010d:Juggle Dream<\/li>\n<\/ul>\n<p> &#8230; <\/p>\n","protected":false},"featured_media":3364,"comment_status":"open","ping_status":"closed","template":"","meta":[],"product_brand":[],"product_cat":[176,168],"product_tag":[325,388],"class_list":{"0":"post-2741","1":"product","2":"type-product","3":"status-publish","4":"has-post-thumbnail","6":"product_cat-ravnoteza","7":"product_cat-sport","8":"product_tag-pro","9":"product_tag-stule","11":"first","12":"instock","13":"taxable","14":"shipping-taxable","15":"purchasable","16":"product-type-simple"},"_links":{"self":[{"href":"https:\/\/talenti.hr\/index.php?rest_route=\/wp\/v2\/product\/2741","targetHints":{"allow":["GET"]}}],"collection":[{"href":"https:\/\/talenti.hr\/index.php?rest_route=\/wp\/v2\/product"}],"about":[{"href":"https:\/\/talenti.hr\/index.php?rest_route=\/wp\/v2\/types\/product"}],"replies":[{"embeddable":true,"href":"https:\/\/talenti.hr\/index.php?rest_route=%2Fwp%2Fv2%2Fcomments&post=2741"}],"wp:featuredmedia":[{"embeddable":true,"href":"https:\/\/talenti.hr\/index.php?rest_route=\/wp\/v2\/media\/3364"}],"wp:attachment":[{"href":"https:\/\/talenti.hr\/index.php?rest_route=%2Fwp%2Fv2%2Fmedia&parent=2741"}],"wp:term":[{"taxonomy":"product_brand","embeddable":true,"href":"https:\/\/talenti.hr\/index.php?rest_route=%2Fwp%2Fv2%2Fproduct_brand&post=2741"},{"taxonomy":"product_cat","embeddable":true,"href":"https:\/\/talenti.hr\/index.php?rest_route=%2Fwp%2Fv2%2Fproduct_cat&post=2741"},{"taxonomy":"product_tag","embeddable":true,"href":"https:\/\/talenti.hr\/index.php?rest_route=%2Fwp%2Fv2%2Fproduct_tag&post=2741"}],"curies":[{"name":"wp","href":"https:\/\/api.w.org\/{rel}","templated":true}]}}