{"id":2744,"date":"2020-03-30T15:48:29","date_gmt":"2020-03-30T13:48:29","guid":{"rendered":"https:\/\/talenti.hr\/?post_type=product&#038;p=2744"},"modified":"2020-04-30T12:02:16","modified_gmt":"2020-04-30T10:02:16","slug":"stule-za-djecu-alu","status":"publish","type":"product","link":"https:\/\/talenti.hr\/?product=stule-za-djecu-alu","title":{"rendered":"\u0160tule za djecu ALU"},"content":{"rendered":"<div id=\"product_description\">\n<p>\u0160tule za djecu ALU napravljene su od izdr\u017eljivih materijala.No\u017eni potpornji su od protuklizne plasti\u010dne mase,ru\u010dke su oblo\u017eene spu\u017evom,a na dnu je protuklizna guma.Ru\u010dke se mogu namjestiti po visini od 91 do 133 cm, a no\u017eni potpornji od 16 do 27 cm.<\/p>\n<p>Primjerene su za djecu starosti od 5 do 12 godina,te\u017eine do 50 kg.<\/p>\n<p>Pozor:artikl nije za djecu do 3 godine starosti.Maleni dijelovi su opasni,jer ih mogu udahnuti i progutati i postoji opasnost gu\u0161enja.Prije nego \u0161to djetetu damo ovaj proizvod odstranimo ambala\u017eu.Detalji i boje se u unutra\u0161njosti mogu razlikovati.Spremi ove informacije za kasniju upotrebu.<\/p>\n<div id=\"ytp-id-5\" class=\"ytp-share-panel-title\"><\/div>\n<\/div>\n","protected":false},"excerpt":{"rendered":"<ul>\n<li>Rok isporuke: 5-7 dana<\/li>\n<li>Proizvo\u0111a\u010d:Juggle Dream<\/li>\n<\/ul>\n<p> &nbsp; &#8230; <\/p>\n","protected":false},"featured_media":3361,"comment_status":"open","ping_status":"closed","template":"","meta":[],"product_brand":[],"product_cat":[178,176,168],"product_tag":[224,389,388],"class_list":{"0":"post-2744","1":"product","2":"type-product","3":"status-publish","4":"has-post-thumbnail","6":"product_cat-igre-na-otvorenom","7":"product_cat-ravnoteza","8":"product_cat-sport","9":"product_tag-alu","10":"product_tag-djeca","11":"product_tag-stule","13":"first","14":"instock","15":"taxable","16":"shipping-taxable","17":"purchasable","18":"product-type-simple"},"_links":{"self":[{"href":"https:\/\/talenti.hr\/index.php?rest_route=\/wp\/v2\/product\/2744","targetHints":{"allow":["GET"]}}],"collection":[{"href":"https:\/\/talenti.hr\/index.php?rest_route=\/wp\/v2\/product"}],"about":[{"href":"https:\/\/talenti.hr\/index.php?rest_route=\/wp\/v2\/types\/product"}],"replies":[{"embeddable":true,"href":"https:\/\/talenti.hr\/index.php?rest_route=%2Fwp%2Fv2%2Fcomments&post=2744"}],"wp:featuredmedia":[{"embeddable":true,"href":"https:\/\/talenti.hr\/index.php?rest_route=\/wp\/v2\/media\/3361"}],"wp:attachment":[{"href":"https:\/\/talenti.hr\/index.php?rest_route=%2Fwp%2Fv2%2Fmedia&parent=2744"}],"wp:term":[{"taxonomy":"product_brand","embeddable":true,"href":"https:\/\/talenti.hr\/index.php?rest_route=%2Fwp%2Fv2%2Fproduct_brand&post=2744"},{"taxonomy":"product_cat","embeddable":true,"href":"https:\/\/talenti.hr\/index.php?rest_route=%2Fwp%2Fv2%2Fproduct_cat&post=2744"},{"taxonomy":"product_tag","embeddable":true,"href":"https:\/\/talenti.hr\/index.php?rest_route=%2Fwp%2Fv2%2Fproduct_tag&post=2744"}],"curies":[{"name":"wp","href":"https:\/\/api.w.org\/{rel}","templated":true}]}}