{"id":2750,"date":"2020-03-30T15:56:09","date_gmt":"2020-03-30T13:56:09","guid":{"rendered":"https:\/\/talenti.hr\/?post_type=product&#038;p=2750"},"modified":"2020-05-03T14:51:07","modified_gmt":"2020-05-03T12:51:07","slug":"slackline-hodanje-po-traci","status":"publish","type":"product","link":"https:\/\/talenti.hr\/?product=slackline-hodanje-po-traci","title":{"rendered":"Slackline HQ 15 m- 50 mm- hodanje po traci"},"content":{"rendered":"<div id=\"product_description\">\n<p>Da li ste i vi mo\u017eda sanjali kao djeca da hodate po \u017eici kao \u0161to to rade u cirkusu.Sada vi\u0161e ne moramo i\u0107i u cirkus,hodanje po traci postao je pravi sport,dostupan svakome.Jednostavno i sigurno mo\u017eemo Slackline postaviti u svome vrtu.Naravno namjestimo je nisko da kod gubljenja ravnote\u017ee ne bude te\u017eih posljedica.U kompletu je prilo\u017eena traka i sprava za zatezanje.<\/p>\n<\/div>\n","protected":false},"excerpt":{"rendered":"<ul>\n<li>Du\u017eina: 15 m<\/li>\n<li>\u0160irina: 50 mm<\/li>\n<li>Rok isporuke: 7-10 dana<\/li>\n<p> &#8230; <\/p>\n","protected":false},"featured_media":3564,"comment_status":"open","ping_status":"closed","template":"","meta":[],"product_brand":[],"product_cat":[178,176,168],"product_tag":[393,392,391,312],"class_list":{"0":"post-2750","1":"product","2":"type-product","3":"status-publish","4":"has-post-thumbnail","6":"product_cat-igre-na-otvorenom","7":"product_cat-ravnoteza","8":"product_cat-sport","9":"product_tag-hod","10":"product_tag-hq","11":"product_tag-slackline","12":"product_tag-traka","14":"first","15":"instock","16":"taxable","17":"shipping-taxable","18":"purchasable","19":"product-type-simple"},"_links":{"self":[{"href":"https:\/\/talenti.hr\/index.php?rest_route=\/wp\/v2\/product\/2750","targetHints":{"allow":["GET"]}}],"collection":[{"href":"https:\/\/talenti.hr\/index.php?rest_route=\/wp\/v2\/product"}],"about":[{"href":"https:\/\/talenti.hr\/index.php?rest_route=\/wp\/v2\/types\/product"}],"replies":[{"embeddable":true,"href":"https:\/\/talenti.hr\/index.php?rest_route=%2Fwp%2Fv2%2Fcomments&post=2750"}],"wp:featuredmedia":[{"embeddable":true,"href":"https:\/\/talenti.hr\/index.php?rest_route=\/wp\/v2\/media\/3564"}],"wp:attachment":[{"href":"https:\/\/talenti.hr\/index.php?rest_route=%2Fwp%2Fv2%2Fmedia&parent=2750"}],"wp:term":[{"taxonomy":"product_brand","embeddable":true,"href":"https:\/\/talenti.hr\/index.php?rest_route=%2Fwp%2Fv2%2Fproduct_brand&post=2750"},{"taxonomy":"product_cat","embeddable":true,"href":"https:\/\/talenti.hr\/index.php?rest_route=%2Fwp%2Fv2%2Fproduct_cat&post=2750"},{"taxonomy":"product_tag","embeddable":true,"href":"https:\/\/talenti.hr\/index.php?rest_route=%2Fwp%2Fv2%2Fproduct_tag&post=2750"}],"curies":[{"name":"wp","href":"https:\/\/api.w.org\/{rel}","templated":true}]}}