{"id":2770,"date":"2020-03-30T16:07:15","date_gmt":"2020-03-30T14:07:15","guid":{"rendered":"https:\/\/talenti.hr\/?post_type=product&#038;p=2770"},"modified":"2020-03-30T16:08:19","modified_gmt":"2020-03-30T14:08:19","slug":"yoyo-spinstar","status":"publish","type":"product","link":"https:\/\/talenti.hr\/?product=yoyo-spinstar","title":{"rendered":"YoYo SpinStar"},"content":{"rendered":"<div id=\"product_description\">\n<div id=\"product_description\">\n<p>YoYo SpinStar je kvalitetan,cjenovno povoljan,izra\u0111en od vrlo \u010dvrstog polikarbonata.Osovina je od nehr\u0111aju\u0107eg \u017eeljeza.Dobra vrtnja omogu\u0107uje lak\u0161e u\u010denje i savladavanje tehnike i trikova.<\/p>\n<p>Mo\u017ee se dobiti u 2 boje : crvena i zelena<\/p>\n<p>https:\/\/yoyofactory-europe.com\/<\/p>\n<\/div>\n<\/div>\n","protected":false},"excerpt":{"rendered":"<ul>\n<li>Dostupnost:2 &#8211; 3 dana<\/li>\n<li>Model:YO-444<\/li>\n<li>Proizvo\u0111a\u010d:Yoyofactory Europe<\/li>\n<\/ul>\n<p> &#8230; <\/p>\n","protected":false},"featured_media":2771,"comment_status":"open","ping_status":"closed","template":"","meta":[],"product_brand":[],"product_cat":[168,177],"product_tag":[],"class_list":{"0":"post-2770","1":"product","2":"type-product","3":"status-publish","4":"has-post-thumbnail","6":"product_cat-sport","7":"product_cat-yo-yo","9":"first","10":"instock","11":"taxable","12":"shipping-taxable","13":"purchasable","14":"product-type-simple"},"_links":{"self":[{"href":"https:\/\/talenti.hr\/index.php?rest_route=\/wp\/v2\/product\/2770","targetHints":{"allow":["GET"]}}],"collection":[{"href":"https:\/\/talenti.hr\/index.php?rest_route=\/wp\/v2\/product"}],"about":[{"href":"https:\/\/talenti.hr\/index.php?rest_route=\/wp\/v2\/types\/product"}],"replies":[{"embeddable":true,"href":"https:\/\/talenti.hr\/index.php?rest_route=%2Fwp%2Fv2%2Fcomments&post=2770"}],"wp:featuredmedia":[{"embeddable":true,"href":"https:\/\/talenti.hr\/index.php?rest_route=\/wp\/v2\/media\/2771"}],"wp:attachment":[{"href":"https:\/\/talenti.hr\/index.php?rest_route=%2Fwp%2Fv2%2Fmedia&parent=2770"}],"wp:term":[{"taxonomy":"product_brand","embeddable":true,"href":"https:\/\/talenti.hr\/index.php?rest_route=%2Fwp%2Fv2%2Fproduct_brand&post=2770"},{"taxonomy":"product_cat","embeddable":true,"href":"https:\/\/talenti.hr\/index.php?rest_route=%2Fwp%2Fv2%2Fproduct_cat&post=2770"},{"taxonomy":"product_tag","embeddable":true,"href":"https:\/\/talenti.hr\/index.php?rest_route=%2Fwp%2Fv2%2Fproduct_tag&post=2770"}],"curies":[{"name":"wp","href":"https:\/\/api.w.org\/{rel}","templated":true}]}}