{"id":2959,"date":"2020-04-17T14:18:32","date_gmt":"2020-04-17T12:18:32","guid":{"rendered":"https:\/\/talenti.hr\/?post_type=product&#038;p=2959"},"modified":"2020-04-21T18:12:55","modified_gmt":"2020-04-21T16:12:55","slug":"loptice-mmx-plus-67","status":"publish","type":"product","link":"https:\/\/talenti.hr\/?product=loptice-mmx-plus-67","title":{"rendered":"Loptice MMX Plus 67"},"content":{"rendered":"<p>MMX Plus 67 su vrlo kvalitetne i izdr\u017eljive loptice za \u017eongliranje koje ne gube oblik niti nakon 1000 tvrdih padova.Primjerene su i za \u017eongliranje s ve\u0107im brojem loptica ( do 5 ).Omogu\u0107uju dobar hvat i pogodne su veli\u010dine.<\/p>\n","protected":false},"excerpt":{"rendered":"<ul>\n<li>Cijena za 1 komad<\/li>\n<li>Te\u017eina: 100 g<\/li>\n<li>Promjer: 67 mm<\/li>\n<p> &#8230; <\/p>\n","protected":false},"featured_media":2961,"comment_status":"open","ping_status":"closed","template":"","meta":[],"product_brand":[],"product_cat":[150,149],"product_tag":[195,197,198],"class_list":{"0":"post-2959","1":"product","2":"type-product","3":"status-publish","4":"has-post-thumbnail","6":"product_cat-beanbags-loptice","7":"product_cat-zongliranje","8":"product_tag-loptice","9":"product_tag-mmx","10":"product_tag-plus","12":"first","13":"instock","14":"taxable","15":"shipping-taxable","16":"purchasable","17":"product-type-simple"},"_links":{"self":[{"href":"https:\/\/talenti.hr\/index.php?rest_route=\/wp\/v2\/product\/2959","targetHints":{"allow":["GET"]}}],"collection":[{"href":"https:\/\/talenti.hr\/index.php?rest_route=\/wp\/v2\/product"}],"about":[{"href":"https:\/\/talenti.hr\/index.php?rest_route=\/wp\/v2\/types\/product"}],"replies":[{"embeddable":true,"href":"https:\/\/talenti.hr\/index.php?rest_route=%2Fwp%2Fv2%2Fcomments&post=2959"}],"wp:featuredmedia":[{"embeddable":true,"href":"https:\/\/talenti.hr\/index.php?rest_route=\/wp\/v2\/media\/2961"}],"wp:attachment":[{"href":"https:\/\/talenti.hr\/index.php?rest_route=%2Fwp%2Fv2%2Fmedia&parent=2959"}],"wp:term":[{"taxonomy":"product_brand","embeddable":true,"href":"https:\/\/talenti.hr\/index.php?rest_route=%2Fwp%2Fv2%2Fproduct_brand&post=2959"},{"taxonomy":"product_cat","embeddable":true,"href":"https:\/\/talenti.hr\/index.php?rest_route=%2Fwp%2Fv2%2Fproduct_cat&post=2959"},{"taxonomy":"product_tag","embeddable":true,"href":"https:\/\/talenti.hr\/index.php?rest_route=%2Fwp%2Fv2%2Fproduct_tag&post=2959"}],"curies":[{"name":"wp","href":"https:\/\/api.w.org\/{rel}","templated":true}]}}