{"id":2962,"date":"2020-04-17T14:39:25","date_gmt":"2020-04-17T12:39:25","guid":{"rendered":"https:\/\/talenti.hr\/?post_type=product&#038;p=2962"},"modified":"2020-04-21T18:11:50","modified_gmt":"2020-04-21T16:11:50","slug":"loptice-soft-russian-67","status":"publish","type":"product","link":"https:\/\/talenti.hr\/?product=loptice-soft-russian-67","title":{"rendered":"Loptice Soft Russian 67"},"content":{"rendered":"<p>Loptice Soft Russian 67 na opip su mekane i ugodne,povr\u0161ina je vrlo otporna na upotrebu.Naj\u010de\u0161\u0107e se koriste kada u toku \u017eongliranja u odre\u0111enom trenutku lopticu zaustavimo na dijelu tijela i zatim nastavljamo dalje.Koriste ih iskusni \u017eongleri koji \u017eongliraju sa 5 i vi\u0161e loptica.Punjene su izuzetno finim pijeskom.Ako padnu na pod ostaju na istom mjestu ( &#8221; dead drop &#8221; ).<\/p>\n","protected":false},"excerpt":{"rendered":"<ul>\n<li>Cijena za 1 komad!<\/li>\n<li>Te\u017eina: 100 g<\/li>\n<li>Promjer: 67 mm<\/li>\n<p> &#8230; <\/p>\n","protected":false},"featured_media":2964,"comment_status":"open","ping_status":"closed","template":"","meta":[],"product_brand":[],"product_cat":[150,149],"product_tag":[195,200,199],"class_list":{"0":"post-2962","1":"product","2":"type-product","3":"status-publish","4":"has-post-thumbnail","6":"product_cat-beanbags-loptice","7":"product_cat-zongliranje","8":"product_tag-loptice","9":"product_tag-russian","10":"product_tag-soft","12":"first","13":"instock","14":"taxable","15":"shipping-taxable","16":"purchasable","17":"product-type-simple"},"_links":{"self":[{"href":"https:\/\/talenti.hr\/index.php?rest_route=\/wp\/v2\/product\/2962","targetHints":{"allow":["GET"]}}],"collection":[{"href":"https:\/\/talenti.hr\/index.php?rest_route=\/wp\/v2\/product"}],"about":[{"href":"https:\/\/talenti.hr\/index.php?rest_route=\/wp\/v2\/types\/product"}],"replies":[{"embeddable":true,"href":"https:\/\/talenti.hr\/index.php?rest_route=%2Fwp%2Fv2%2Fcomments&post=2962"}],"wp:featuredmedia":[{"embeddable":true,"href":"https:\/\/talenti.hr\/index.php?rest_route=\/wp\/v2\/media\/2964"}],"wp:attachment":[{"href":"https:\/\/talenti.hr\/index.php?rest_route=%2Fwp%2Fv2%2Fmedia&parent=2962"}],"wp:term":[{"taxonomy":"product_brand","embeddable":true,"href":"https:\/\/talenti.hr\/index.php?rest_route=%2Fwp%2Fv2%2Fproduct_brand&post=2962"},{"taxonomy":"product_cat","embeddable":true,"href":"https:\/\/talenti.hr\/index.php?rest_route=%2Fwp%2Fv2%2Fproduct_cat&post=2962"},{"taxonomy":"product_tag","embeddable":true,"href":"https:\/\/talenti.hr\/index.php?rest_route=%2Fwp%2Fv2%2Fproduct_tag&post=2962"}],"curies":[{"name":"wp","href":"https:\/\/api.w.org\/{rel}","templated":true}]}}