{"id":3402,"date":"2020-04-30T13:58:06","date_gmt":"2020-04-30T11:58:06","guid":{"rendered":"https:\/\/talenti.hr\/?post_type=product&#038;p=3402"},"modified":"2020-04-30T13:58:06","modified_gmt":"2020-04-30T11:58:06","slug":"veliki-mjehuri-od-sapunice","status":"publish","type":"product","link":"https:\/\/talenti.hr\/?product=veliki-mjehuri-od-sapunice","title":{"rendered":"Veliki mjehuri od sapunice"},"content":{"rendered":"<p>\u010carobna sablja za stvaranje velikih mjehura od sapunice.Posudica sadr\u017ei 270 ml sapunice i mo\u017ee se stalno ponovo puniti.<\/p>\n<p>Pozor: Artikal nije za djecu do 3 godine starosti.<\/p>\n","protected":false},"excerpt":{"rendered":"<ul>\n<li>Boje: plava,roza,naran\u010dasta,\u017euta<\/li>\n<li>Rok isporuke: 5-7 dana<\/li>\n<li>Proizvo\u0111a\u010d: HQ Invento<\/li>\n<\/ul>\n<p> &#8230; <\/p>\n","protected":false},"featured_media":3404,"comment_status":"open","ping_status":"closed","template":"","meta":[],"product_brand":[],"product_cat":[178],"product_tag":[419,420],"class_list":{"0":"post-3402","1":"product","2":"type-product","3":"status-publish","4":"has-post-thumbnail","6":"product_cat-igre-na-otvorenom","7":"product_tag-mjehuri","8":"product_tag-sapunica","10":"first","11":"instock","12":"taxable","13":"shipping-taxable","14":"purchasable","15":"product-type-simple"},"_links":{"self":[{"href":"https:\/\/talenti.hr\/index.php?rest_route=\/wp\/v2\/product\/3402","targetHints":{"allow":["GET"]}}],"collection":[{"href":"https:\/\/talenti.hr\/index.php?rest_route=\/wp\/v2\/product"}],"about":[{"href":"https:\/\/talenti.hr\/index.php?rest_route=\/wp\/v2\/types\/product"}],"replies":[{"embeddable":true,"href":"https:\/\/talenti.hr\/index.php?rest_route=%2Fwp%2Fv2%2Fcomments&post=3402"}],"wp:featuredmedia":[{"embeddable":true,"href":"https:\/\/talenti.hr\/index.php?rest_route=\/wp\/v2\/media\/3404"}],"wp:attachment":[{"href":"https:\/\/talenti.hr\/index.php?rest_route=%2Fwp%2Fv2%2Fmedia&parent=3402"}],"wp:term":[{"taxonomy":"product_brand","embeddable":true,"href":"https:\/\/talenti.hr\/index.php?rest_route=%2Fwp%2Fv2%2Fproduct_brand&post=3402"},{"taxonomy":"product_cat","embeddable":true,"href":"https:\/\/talenti.hr\/index.php?rest_route=%2Fwp%2Fv2%2Fproduct_cat&post=3402"},{"taxonomy":"product_tag","embeddable":true,"href":"https:\/\/talenti.hr\/index.php?rest_route=%2Fwp%2Fv2%2Fproduct_tag&post=3402"}],"curies":[{"name":"wp","href":"https:\/\/api.w.org\/{rel}","templated":true}]}}