{"id":3413,"date":"2020-04-30T14:46:51","date_gmt":"2020-04-30T12:46:51","guid":{"rendered":"https:\/\/talenti.hr\/?post_type=product&#038;p=3413"},"modified":"2020-04-30T17:11:26","modified_gmt":"2020-04-30T15:11:26","slug":"avion-sky-glider-blaze","status":"publish","type":"product","link":"https:\/\/talenti.hr\/?product=avion-sky-glider-blaze","title":{"rendered":"Avion Sky Glider Blaze"},"content":{"rendered":"<p>Avion je izra\u0111en od kvalitetnog materijala kao za jedra ( Ripstop poliester ).Konstrukcija je od staklenih vlakana.Mo\u017ee se pu\u0161tati u daljinu iz ruke ili prilo\u017eene pra\u0107ke ili raditi okrete ( looping ).Na\u010din leta mo\u017ee se mijenjati dodavanjem te\u017eine.Prednji dio je od gume za slu\u010daj udarca.<\/p>\n<p>Upozorenje: artikal nije za djecu do 3 godine starosti !!<\/p>\n","protected":false},"excerpt":{"rendered":"<ul>\n<li>Raspon krila: 29 cm<\/li>\n<li>Du\u017eina: 24 cm<\/li>\n<li>Rok isporuke: 5-7 &#8230;<br \/>\n","protected":false},"featured_media":3415,"comment_status":"open","ping_status":"closed","template":"","meta":[],"product_brand":[],"product_cat":[178,168],"product_tag":[430,371,431,337],"class_list":{"0":"post-3413","1":"product","2":"type-product","3":"status-publish","4":"has-post-thumbnail","6":"product_cat-igre-na-otvorenom","7":"product_cat-sport","8":"product_tag-avion","9":"product_tag-blaze","10":"product_tag-glider","11":"product_tag-sky","13":"first","14":"instock","15":"taxable","16":"shipping-taxable","17":"purchasable","18":"product-type-simple"},"_links":{"self":[{"href":"https:\/\/talenti.hr\/index.php?rest_route=\/wp\/v2\/product\/3413","targetHints":{"allow":["GET"]}}],"collection":[{"href":"https:\/\/talenti.hr\/index.php?rest_route=\/wp\/v2\/product"}],"about":[{"href":"https:\/\/talenti.hr\/index.php?rest_route=\/wp\/v2\/types\/product"}],"replies":[{"embeddable":true,"href":"https:\/\/talenti.hr\/index.php?rest_route=%2Fwp%2Fv2%2Fcomments&post=3413"}],"wp:featuredmedia":[{"embeddable":true,"href":"https:\/\/talenti.hr\/index.php?rest_route=\/wp\/v2\/media\/3415"}],"wp:attachment":[{"href":"https:\/\/talenti.hr\/index.php?rest_route=%2Fwp%2Fv2%2Fmedia&parent=3413"}],"wp:term":[{"taxonomy":"product_brand","embeddable":true,"href":"https:\/\/talenti.hr\/index.php?rest_route=%2Fwp%2Fv2%2Fproduct_brand&post=3413"},{"taxonomy":"product_cat","embeddable":true,"href":"https:\/\/talenti.hr\/index.php?rest_route=%2Fwp%2Fv2%2Fproduct_cat&post=3413"},{"taxonomy":"product_tag","embeddable":true,"href":"https:\/\/talenti.hr\/index.php?rest_route=%2Fwp%2Fv2%2Fproduct_tag&post=3413"}],"curies":[{"name":"wp","href":"https:\/\/api.w.org\/{rel}","templated":true}]}}